{"id":10097,"date":"2023-12-04T15:14:44","date_gmt":"2023-12-04T13:14:44","guid":{"rendered":"https:\/\/quebriac.fr\/webcommune\/?page_id=10097"},"modified":"2025-05-21T14:43:18","modified_gmt":"2025-05-21T12:43:18","slug":"circuit-du-calvaire","status":"publish","type":"page","link":"https:\/\/quebriac.fr\/webcommune\/?page_id=10097","title":{"rendered":"Circuit du calvaire"},"content":{"rendered":"<div id=\"pl-10097\"  class=\"panel-layout\" ><div id=\"pg-10097-0\"  class=\"panel-grid panel-no-style\" ><div id=\"pgc-10097-0-0\"  class=\"panel-grid-cell\" ><div id=\"panel-10097-0-0-0\" class=\"so-panel widget widget_text panel-first-child panel-last-child\" data-index=\"0\" >\t\t\t<div class=\"textwidget\"><div id=\"pg-8642-0\" class=\"panel-grid panel-no-style\">\n<div id=\"pgc-8642-0-0\" class=\"panel-grid-cell\">\n<div id=\"panel-8642-0-0-0\" class=\"so-panel widget widget_text panel-first-child panel-last-child\" data-index=\"0\">\n<div class=\"textwidget\">\n<p>\u2013 En p\u00e9riode hivernale, il est possible que certaines parties du parcours soient impraticables. Merci de votre compr\u00e9hension<\/p>\n<p>\u2013 Chemins entretenus par l\u2019association QUEB Rando<\/p>\n<p><img loading=\"lazy\" decoding=\"async\" class=\"alignnone size-full wp-image-11920\" src=\"https:\/\/quebriac.fr\/webcommune\/wp-content\/uploads\/2025\/05\/images.png\" alt=\"\" width=\"180\" height=\"69\" srcset=\"https:\/\/quebriac.fr\/webcommune\/wp-content\/uploads\/2025\/05\/images.png 180w, https:\/\/quebriac.fr\/webcommune\/wp-content\/uploads\/2025\/05\/images-150x58.png 150w\" sizes=\"(max-width: 180px) 100vw, 180px\" \/><\/p>\n<\/div>\n<\/div>\n<\/div>\n<\/div>\n<\/div>\n\t\t<\/div><\/div><\/div><div id=\"pg-10097-1\"  class=\"panel-grid panel-no-style\" ><div id=\"pgc-10097-1-0\"  class=\"panel-grid-cell\" ><div id=\"panel-10097-1-0-0\" class=\"so-panel widget widget_media_image panel-first-child panel-last-child\" data-index=\"1\" ><img loading=\"lazy\" decoding=\"async\" width=\"277\" height=\"700\" src=\"https:\/\/quebriac.fr\/webcommune\/wp-content\/uploads\/2022\/11\/bandeau_gauche2.jpg\" class=\"image wp-image-8643  attachment-277x700 size-277x700\" alt=\"\" style=\"max-width: 100%; height: auto;\" srcset=\"https:\/\/quebriac.fr\/webcommune\/wp-content\/uploads\/2022\/11\/bandeau_gauche2.jpg 390w, https:\/\/quebriac.fr\/webcommune\/wp-content\/uploads\/2022\/11\/bandeau_gauche2-119x300.jpg 119w, https:\/\/quebriac.fr\/webcommune\/wp-content\/uploads\/2022\/11\/bandeau_gauche2-59x150.jpg 59w\" sizes=\"(max-width: 277px) 100vw, 277px\" \/><\/div><\/div><div id=\"pgc-10097-1-1\"  class=\"panel-grid-cell\" ><div id=\"panel-10097-1-1-0\" class=\"widget_text so-panel widget widget_custom_html panel-first-child panel-last-child\" data-index=\"2\" ><div class=\"textwidget custom-html-widget\"><iframe loading=\"lazy\" src=\"https:\/\/www.google.com\/maps\/d\/embed?mid=1jcrQAKLWZiDbxka0wunpbMTL2RlHo7g&ehbc=2E312F\" width=\"900\" height=\"700\"><\/iframe><\/div><\/div><\/div><\/div><div id=\"pg-10097-2\"  class=\"panel-grid panel-no-style\" ><div id=\"pgc-10097-2-0\"  class=\"panel-grid-cell\" ><div id=\"panel-10097-2-0-0\" class=\"so-panel widget widget_media_image panel-first-child panel-last-child\" data-index=\"3\" ><img loading=\"lazy\" decoding=\"async\" width=\"245\" height=\"300\" src=\"https:\/\/quebriac.fr\/webcommune\/wp-content\/uploads\/2023\/12\/carnet_4-245x300.jpg\" class=\"image wp-image-10193  attachment-medium size-medium\" alt=\"\" style=\"max-width: 100%; height: auto;\" srcset=\"https:\/\/quebriac.fr\/webcommune\/wp-content\/uploads\/2023\/12\/carnet_4-245x300.jpg 245w, https:\/\/quebriac.fr\/webcommune\/wp-content\/uploads\/2023\/12\/carnet_4-123x150.jpg 123w, https:\/\/quebriac.fr\/webcommune\/wp-content\/uploads\/2023\/12\/carnet_4.jpg 753w\" sizes=\"(max-width: 245px) 100vw, 245px\" \/><\/div><\/div><div id=\"pgc-10097-2-1\"  class=\"panel-grid-cell\" ><div id=\"panel-10097-2-1-0\" class=\"so-panel widget widget_text panel-first-child panel-last-child\" data-index=\"4\" >\t\t\t<div class=\"textwidget\"><p><a href=\"https:\/\/quebriac.fr\/webcommune\/wp-content\/uploads\/2025\/01\/4_circuit du calvaire.gpx\">T\u00e9l\u00e9charger le circuit au format gpx<\/a><\/p>\n<p>&nbsp;<\/p>\n<p>D\u00e9part du parking de <strong><em>l\u2019\u00e9tang des No\u00ebs<\/em><\/strong>. Dirigez-vous vers l\u2019ouest vers le fond de l\u2019\u00e9tang et prenez un petit sentier qui s\u2019enfonce dans un sous-bois. Vous pouvez remarquer la pr\u00e9sence de nombreux trous creus\u00e9s dans le sol. Poursuivez ainsi jusqu\u2019\u00e0 arriver \u00e0 un chemin empierr\u00e9 nomm\u00e9 le <strong>chemin des Barricades<\/strong>. Tournez sur votre gauche.\u00a0 Continuez sur ce chemin jusqu\u2019\u00e0 la fin de ce dernier puis prenez un petit sentier situ\u00e9 \u00e0 gauche. Continuez tout droit.<\/p>\n<p>A la 2<sup>\u00e8me<\/sup> intersection, prenez \u00e0 gauche. Apr\u00e8s 200 m\u00e8tres, vous passez sous une ligne \u00e0 haute tension. Arriv\u00e9 \u00e0 une route communale en enrob\u00e9, continuez tout droit vers un chemin situ\u00e9 face \u00e0 vous.<\/p>\n<\/div>\n\t\t<\/div><\/div><\/div><div id=\"pg-10097-3\"  class=\"panel-grid panel-no-style\" ><div id=\"pgc-10097-3-0\"  class=\"panel-grid-cell\" ><div id=\"panel-10097-3-0-0\" class=\"so-panel widget widget_text panel-first-child panel-last-child\" data-index=\"5\" ><div class=\"so-rounded panel-widget-style panel-widget-style-for-10097-3-0-0\" >\t\t\t<div class=\"textwidget\"><p><strong><u>Le saviez-vous\u00a0?<\/u><\/strong><\/p>\n<p>Vous venez de passer pr\u00e8s de lieux-dits. Mais connaissez-vous l\u2019origine de leurs noms\u00a0?<\/p>\n<p><u>Les Br\u00fblons<\/u>\u00a0: ce nom d\u00e9signe un lieu o\u00f9 les r\u00e9coltes ne sont pas abondantes \u00e0 cause d\u2019un sol assez pauvre. Il est aussi possible que ce lieu ait \u00e9t\u00e9 d\u00e9frich\u00e9 au 16<sup>\u00e8me<\/sup> si\u00e8cle par des membres de la famille Brusl\u00e9, nom courant \u00e0 Qu\u00e9briac. Par d\u00e9formation, au fil des ann\u00e9es, le nom est devenu \u00ab\u00a0Br\u00fblons\u00a0\u00bb<\/p>\n<p><u>Les Marzelles<\/u>\u00a0: ce nom indique un endroit situ\u00e9 au bord d\u2019une rive d\u2019un cours d\u2019eau. Il s\u2019agit ici du ruisseau de Tanouarn<\/p>\n<p><u>Les Mares<\/u>\u00a0: lieu indiquant une zone humide<\/p>\n<\/div>\n\t\t<\/div><\/div><\/div><div id=\"pgc-10097-3-1\"  class=\"panel-grid-cell\" ><div id=\"panel-10097-3-1-0\" class=\"so-panel widget widget_text panel-first-child panel-last-child\" data-index=\"6\" ><div class=\"panel-widget-style panel-widget-style-for-10097-3-1-0\" >\t\t\t<div class=\"textwidget\"><p>Vous longez une grande propri\u00e9t\u00e9 situ\u00e9e sur votre droite situ\u00e9e au lieu-dit <strong><em>les Br\u00fblons<\/em><\/strong>. A la 1<sup>\u00e8re<\/sup> intersection, continuez toujours tout droit. Vous arrivez ensuite dans une zone plut\u00f4t humide qu\u2019il n\u2019est pas toujours ais\u00e9 de franchir durant les p\u00e9riodes hivernales.\u00a0 Poursuivez votre parcours jusqu\u2019\u00e0 arriver dans un champ bord\u00e9 d\u2019une haie sur votre gauche. Apr\u00e8s 125 m, vous arrivez sur un chemin empierr\u00e9. Empruntez-le jusqu\u2019\u00e0 la voie communale bitum\u00e9e. Traversez la route et continuez tout droit sur de nouveau un chemin empierr\u00e9 jusqu\u2019\u00e0 la fin de celui-ci \u00e0 un endroit nomm\u00e9 <strong><em>les Marzelles<\/em><\/strong>.<\/p>\n<p>Tournez sur votre gauche vers un chemin situ\u00e9 au nord de votre position.\u00a0 Poursuivez dans ce chemin creux particuli\u00e8rement humide. Vous arrivez \u00e0 un cours d\u2019eau nomm\u00e9 le <strong>ruisseau de Tanouarn<\/strong>. Pour le franchir, empruntez la passerelle situ\u00e9e sur votre droite et poursuivez votre balade. Vous arrivez alors \u00e0 un chemin empierr\u00e9. Continuez tout droit entre les champs cultiv\u00e9s au village nomm\u00e9 <strong><em>Les Mares<\/em><\/strong>.<\/p>\n<\/div>\n\t\t<\/div><\/div><\/div><\/div><div id=\"pg-10097-4\"  class=\"panel-grid panel-no-style\" ><div id=\"pgc-10097-4-0\"  class=\"panel-grid-cell\" ><div id=\"panel-10097-4-0-0\" class=\"so-panel widget widget_text panel-first-child panel-last-child\" data-index=\"7\" ><div class=\"panel-widget-style panel-widget-style-for-10097-4-0-0\" >\t\t\t<div class=\"textwidget\"><p>Au bout de ce chemin, tournez \u00e0 gauche vers le village de <strong><em>Travoux<\/em><\/strong>. Passez pr\u00e8s d\u2019une ancienne chapelle et poursuivez tout droit jusqu\u2019\u00e0 une intersection \u00e0 4 routes. Prenez \u00e0 droite en direction du village de <strong><em>la Ville Hesloin<\/em><\/strong>.<\/p>\n<p>Traversez le lieu-dit et tournez \u00e0 gauche vers un chemin empierr\u00e9. Au niveau de la ligne \u00e0 haute tension, prenez le chemin qui s\u2019enfonce \u00e0 travers un bosquet. La zone est humide en p\u00e9riode hivernale. Apr\u00e8s le bosquet, longez une parcelle bord\u00e9e d\u2019une haie. Vous arrivez ensuite pr\u00e8s d\u2019habitations au village de <strong><em>la Mariais<\/em><\/strong>.<\/p>\n<\/div>\n\t\t<\/div><\/div><\/div><div id=\"pgc-10097-4-1\"  class=\"panel-grid-cell\" ><div id=\"panel-10097-4-1-0\" class=\"so-panel widget widget_text panel-first-child panel-last-child\" data-index=\"8\" ><div class=\"so-rounded panel-widget-style panel-widget-style-for-10097-4-1-0\" >\t\t\t<div class=\"textwidget\"><p><strong><u>Le saviez-vous\u00a0?<\/u><\/strong><\/p>\n<p>Vous venez de passer pr\u00e8s de lieux-dits. Mais connaissez-vous l\u2019origine de leurs noms\u00a0?<\/p>\n<p><u>Travoux<\/u>\u00a0: issu de la transformation du mot \u00ab\u00a0Tr\u00e9voux\u00a0\u00bb, lui-m\u00eame issu du breton <em>-trev<\/em> qui signifie une petite paroisse. Travoux est un village \u00e9loign\u00e9 du bourg de Qu\u00e9briac et du lieu de culte paroissial. Son nom est en lien avec la chapelle d\u00e9di\u00e9e \u00e0 Saint-Malo, b\u00e2tie au cours du 12<sup>\u00e8me<\/sup> si\u00e8cle en ce lieu.<\/p>\n<p><u>La Ville Hesloin<\/u>\u00a0: village ancien \u00e9difi\u00e9 aux abords d\u2019une ancienne fondation gallo-romaine nomm\u00e9 <em>Villa Herloini<\/em>.<\/p>\n<\/div>\n\t\t<\/div><\/div><\/div><\/div><div id=\"pg-10097-5\"  class=\"panel-grid panel-no-style\" ><div id=\"pgc-10097-5-0\"  class=\"panel-grid-cell\" ><div id=\"panel-10097-5-0-0\" class=\"so-panel widget widget_text panel-first-child panel-last-child\" data-index=\"9\" ><div class=\"so-rounded panel-widget-style panel-widget-style-for-10097-5-0-0\" >\t\t\t<div class=\"textwidget\"><p><img loading=\"lazy\" decoding=\"async\" class=\"alignleft wp-image-10218 \" src=\"https:\/\/quebriac.fr\/webcommune\/wp-content\/uploads\/2023\/12\/20230717_103100.jpg\" alt=\"\" width=\"181\" height=\"273\" srcset=\"https:\/\/quebriac.fr\/webcommune\/wp-content\/uploads\/2023\/12\/20230717_103100.jpg 600w, https:\/\/quebriac.fr\/webcommune\/wp-content\/uploads\/2023\/12\/20230717_103100-200x300.jpg 200w, https:\/\/quebriac.fr\/webcommune\/wp-content\/uploads\/2023\/12\/20230717_103100-100x150.jpg 100w\" sizes=\"(max-width: 181px) 100vw, 181px\" \/><strong><u>Le saviez-vous\u00a0?<\/u><\/strong><\/p>\n<p>De par son \u00e9loignement du bourg de Qu\u00e9briac et des difficult\u00e9s de d\u00e9placement lors des saisons hivernales, une chapelle est b\u00e2tie au cours du 12<sup>\u00e8me<\/sup> si\u00e8cle au c\u0153ur du village de <em>Travoux<\/em>, avec l\u2019aide du seigneur de Combourg dont d\u00e9pend la paroisse de Qu\u00e9briac. Cet \u00e9difice est plac\u00e9 sous la protection de Saint-Malo. On peut encore y apercevoir une baie en arc bris\u00e9 du 15<sup>\u00e8me<\/sup> si\u00e8cle sur la partie est du b\u00e2timent. D\u2019autres \u00e9l\u00e9ments d\u00e9coratifs de cette chapelle ont \u00e9t\u00e9 implant\u00e9s dans des habitations voisines.<\/p>\n<p>Un cimeti\u00e8re \u00e9tait situ\u00e9 pr\u00e8s de cette chapelle c\u00f4t\u00e9 sud, puis, devenu trop petit, un autre a \u00e9t\u00e9 install\u00e9 dans la partie basse du village. La croix qui jouxte l\u2019\u00e9difice, date du 17<sup>\u00e8me<\/sup> si\u00e8cle et est en pierre de taille de granite. Cette croix semble indiquer une s\u00e9pulture d\u2019un homme d\u2019\u00e9glise comme le montre l\u2019inscription grav\u00e9e sur la crois\u00e9e\u00a0: IHS<\/p>\n<p>&nbsp;<\/p>\n<p>&nbsp;<\/p>\n<\/div>\n\t\t<\/div><\/div><\/div><\/div><div id=\"pg-10097-6\"  class=\"panel-grid panel-no-style\" ><div id=\"pgc-10097-6-0\"  class=\"panel-grid-cell\" ><div id=\"panel-10097-6-0-0\" class=\"so-panel widget widget_text panel-first-child panel-last-child\" data-index=\"10\" ><div class=\"so-rounded panel-widget-style panel-widget-style-for-10097-6-0-0\" >\t\t\t<div class=\"textwidget\"><p data-wp-editing=\"1\"><img loading=\"lazy\" decoding=\"async\" class=\"wp-image-10237 alignleft\" src=\"https:\/\/quebriac.fr\/webcommune\/wp-content\/uploads\/2023\/12\/20231203_112156-768x1024.jpg\" alt=\"\" width=\"149\" height=\"198\" srcset=\"https:\/\/quebriac.fr\/webcommune\/wp-content\/uploads\/2023\/12\/20231203_112156-768x1024.jpg 768w, https:\/\/quebriac.fr\/webcommune\/wp-content\/uploads\/2023\/12\/20231203_112156-225x300.jpg 225w, https:\/\/quebriac.fr\/webcommune\/wp-content\/uploads\/2023\/12\/20231203_112156-112x150.jpg 112w, https:\/\/quebriac.fr\/webcommune\/wp-content\/uploads\/2023\/12\/20231203_112156.jpg 800w\" sizes=\"(max-width: 149px) 100vw, 149px\" \/><strong><u>Le saviez-vous\u00a0?<\/u><\/strong><\/p>\n<p data-wp-editing=\"1\">Dat\u00e9 de 1627, le calvaire de la Mariais a \u00e9t\u00e9 \u00e9rig\u00e9 par Thomas Vigner, habitant de ce village, en souvenir de la disparition de ses parents et de son fr\u00e8re, tous d\u00e9c\u00e9d\u00e9s d\u2019une terrible \u00e9pid\u00e9mie de dysenterie survenue au cours de l\u2019ann\u00e9e 1622.<\/p>\n<p>Des instruments de la Passion du Christ ont \u00e9t\u00e9 repr\u00e9sent\u00e9s dans le granite dans le but de rappeler aux fid\u00e8les les \u00e9v\u00e8nements de la crucifixion. Sur les diff\u00e9rents c\u00f4t\u00e9s de la croix ont \u00e9t\u00e9 grav\u00e9s des outils tels que le marteau, les tenailles et des clous. On peut y distinguer \u00e9galement une \u00e9chelle, une lance ou encore un vase.<\/p>\n<p>&nbsp;<\/p>\n<\/div>\n\t\t<\/div><\/div><\/div><\/div><div id=\"pg-10097-7\"  class=\"panel-grid panel-no-style\" ><div id=\"pgc-10097-7-0\"  class=\"panel-grid-cell\" ><div id=\"panel-10097-7-0-0\" class=\"so-panel widget widget_text panel-first-child panel-last-child\" data-index=\"11\" >\t\t\t<div class=\"textwidget\"><p>Arriv\u00e9s sur la route bitum\u00e9e, tournez \u00e0 gauche, tout en admirant le magnifique calvaire du 17<sup>\u00e8me<\/sup> si\u00e8cle situ\u00e9 sur votre droite. Continuez tout droit, passez l\u2019intersection et apr\u00e8s 350 m environ, prenez un petit chemin sur votre droite. Une fois \u00e0 la fin de ce chemin, tournez \u00e0 gauche sur la route bitum\u00e9e qui m\u00e8ne \u00e0 <strong><em>la Gerdais<\/em><\/strong>. Passez le pont qui enjambe <strong>le ruisseau de Tanouarn<\/strong> et prenez le chemin situ\u00e9 sur votre gauche.<\/p>\n<\/div>\n\t\t<\/div><\/div><\/div><div id=\"pg-10097-8\"  class=\"panel-grid panel-no-style\" ><div id=\"pgc-10097-8-0\"  class=\"panel-grid-cell\" ><div id=\"panel-10097-8-0-0\" class=\"so-panel widget widget_text panel-first-child panel-last-child\" data-index=\"12\" >\t\t\t<div class=\"textwidget\"><p>Apr\u00e8s avoir long\u00e9 un champ tout proche du village de <strong><em>la Faverie<\/em><\/strong>, tournez \u00e0 gauche pour emprunter une route bitum\u00e9e et \u00e0 l\u2019intersection suivante, au village de <strong><em>la Mare<\/em><\/strong>, encore \u00e0 gauche.\u00a0\u00a0 Longez la route communale sur 150 m, puis prenez sur votre droite une route qui m\u00e8ne au village de <strong><em>Ringadan<\/em><\/strong>.<\/p>\n<\/div>\n\t\t<\/div><\/div><div id=\"pgc-10097-8-1\"  class=\"panel-grid-cell\" ><div id=\"panel-10097-8-1-0\" class=\"so-panel widget widget_text panel-first-child panel-last-child\" data-index=\"13\" ><div class=\"so-rounded panel-widget-style panel-widget-style-for-10097-8-1-0\" >\t\t\t<div class=\"textwidget\"><p><strong><u>Le saviez-vous\u00a0?<\/u><\/strong><\/p>\n<p>Vous venez de passer pr\u00e8s de lieux-dits. Mais connaissez-vous l\u2019origine de leurs noms\u00a0?<\/p>\n<p><u>La Faverie<\/u>\u00a0: nom issu de favrie qui d\u00e9signe la paille des f\u00e8ves lorsqu\u2019elles ont \u00e9t\u00e9 battues.<\/p>\n<\/div>\n\t\t<\/div><\/div><\/div><\/div><div id=\"pg-10097-9\"  class=\"panel-grid panel-no-style\" ><div id=\"pgc-10097-9-0\"  class=\"panel-grid-cell\" ><div id=\"panel-10097-9-0-0\" class=\"so-panel widget widget_text panel-first-child panel-last-child\" data-index=\"14\" >\t\t\t<div class=\"textwidget\"><p>Prenez la 1<sup>\u00e9re<\/sup> voie empierr\u00e9e qui se situe sur votre gauche et poursuivez sur ce chemin. A la fin de celui-ci, au lieu-dit <strong><em>les Caves<\/em><\/strong>, prenez un petit sentier situ\u00e9 sur votre droite qui s\u2019enfonce dans un bois.<\/p>\n<p>Tournez \u00e0 droite \u00e0 la prochaine intersection, puis poursuivez jusqu\u2019\u00e0 atteindre la route bitum\u00e9e. Tournez \u00e0 droite, et continuez ainsi jusqu\u2019\u00e0 <strong>l\u2019\u00e9tang des No\u00ebs<\/strong>, point de d\u00e9part de ce circuit.<\/p>\n<\/div>\n\t\t<\/div><\/div><div id=\"pgc-10097-9-1\"  class=\"panel-grid-cell\" ><div id=\"panel-10097-9-1-0\" class=\"so-panel widget widget_text panel-first-child panel-last-child\" data-index=\"15\" ><div class=\"so-rounded panel-widget-style panel-widget-style-for-10097-9-1-0\" >\t\t\t<div class=\"textwidget\"><p><strong><u>Le saviez-vous\u00a0?<\/u><\/strong><\/p>\n<p>Vous venez de passer pr\u00e8s de lieux-dits. Mais connaissez-vous l\u2019origine de leurs noms\u00a0?<\/p>\n<p><u>Les Caves<\/u>\u00a0: lieu o\u00f9 \u00e9tait extrait la terre servant \u00e0 la fabrication des tuiles plates utilis\u00e9es \u00e0 la couverture des \u00e9difices. <em>Les Caves<\/em> d\u00e9signent donc les excavations r\u00e9alis\u00e9es dans le sol pour extraire la terre.<\/p>\n<\/div>\n\t\t<\/div><\/div><\/div><\/div><div id=\"pg-10097-10\"  class=\"panel-grid panel-no-style\" ><div id=\"pgc-10097-10-0\"  class=\"panel-grid-cell\" ><div id=\"panel-10097-10-0-0\" class=\"so-panel widget widget_text panel-first-child panel-last-child\" data-index=\"16\" ><div class=\"so-rounded panel-widget-style panel-widget-style-for-10097-10-0-0\" >\t\t\t<div class=\"textwidget\"><p><strong><u>VARIANTE<\/u>\u00a0: en p\u00e9riode hivernale, il est possible d\u2019\u00e9viter le chemin qui m\u00e8ne des Marzelles au lieu-dit les Mares. Pour cela, empruntez la route bitum\u00e9e qui rejoint Travoux, entre les points identifi\u00e9s A et B sur la carte.\u00a0 <\/strong><\/p>\n<\/div>\n\t\t<\/div><\/div><\/div><div id=\"pgc-10097-10-1\"  class=\"panel-grid-cell\" ><div id=\"panel-10097-10-1-0\" class=\"so-panel widget widget_text panel-first-child panel-last-child\" data-index=\"17\" ><div class=\"so-rounded panel-widget-style panel-widget-style-for-10097-10-1-0\" >\t\t\t<div class=\"textwidget\"><p><strong><u>Le saviez-vous\u00a0?<\/u><\/strong><\/p>\n<p>Des fours \u00e0 tuiles plates existaient sur la commune de Qu\u00e9briac dans des hameaux tels que Ringadan, la Mariais ou la Pivaudi\u00e8re. Cette production, connue depuis le 17<sup>\u00e8me<\/sup> si\u00e8cle dans la r\u00e9gion, \u00e9tait assez importante et de bonne qualit\u00e9 puisqu\u2019elle approvisionnait plus de 40 communes avoisinantes. L\u2019argile \u00e9tait extraite de zones humides situ\u00e9es pr\u00e8s de Ringadan et de l\u2019\u00e9tang des No\u00ebs, constitu\u00e9es de petits crat\u00e8res de 2m de diam\u00e8tre environ<\/p>\n<\/div>\n\t\t<\/div><\/div><\/div><\/div><\/div>","protected":false},"excerpt":{"rendered":"<p>\u2013 En p\u00e9riode hivernale, il est possible que certaines parties du parcours soient impraticables. Merci de votre compr\u00e9hension \u2013 Chemins entretenus par l\u2019association QUEB Rando<\/p>\n<p class=\"continue-reading-button\"> <a class=\"continue-reading-link\" href=\"https:\/\/quebriac.fr\/webcommune\/?page_id=10097\">La suite&#8230;<i class=\"crycon-right-dir\"><\/i><\/a><\/p>\n","protected":false},"author":1,"featured_media":0,"parent":0,"menu_order":0,"comment_status":"closed","ping_status":"closed","template":"templates\/template-onecolumn.php","meta":{"footnotes":""},"class_list":["post-10097","page","type-page","status-publish","hentry"],"_links":{"self":[{"href":"https:\/\/quebriac.fr\/webcommune\/index.php?rest_route=\/wp\/v2\/pages\/10097"}],"collection":[{"href":"https:\/\/quebriac.fr\/webcommune\/index.php?rest_route=\/wp\/v2\/pages"}],"about":[{"href":"https:\/\/quebriac.fr\/webcommune\/index.php?rest_route=\/wp\/v2\/types\/page"}],"author":[{"embeddable":true,"href":"https:\/\/quebriac.fr\/webcommune\/index.php?rest_route=\/wp\/v2\/users\/1"}],"replies":[{"embeddable":true,"href":"https:\/\/quebriac.fr\/webcommune\/index.php?rest_route=%2Fwp%2Fv2%2Fcomments&post=10097"}],"version-history":[{"count":143,"href":"https:\/\/quebriac.fr\/webcommune\/index.php?rest_route=\/wp\/v2\/pages\/10097\/revisions"}],"predecessor-version":[{"id":11924,"href":"https:\/\/quebriac.fr\/webcommune\/index.php?rest_route=\/wp\/v2\/pages\/10097\/revisions\/11924"}],"wp:attachment":[{"href":"https:\/\/quebriac.fr\/webcommune\/index.php?rest_route=%2Fwp%2Fv2%2Fmedia&parent=10097"}],"curies":[{"name":"wp","href":"https:\/\/api.w.org\/{rel}","templated":true}]}}