{"id":27,"date":"2020-10-01T17:17:14","date_gmt":"2020-10-01T15:17:14","guid":{"rendered":"https:\/\/quebriac.fr\/webcommune\/?page_id=27"},"modified":"2026-03-11T13:03:45","modified_gmt":"2026-03-11T11:03:45","slug":"lecole","status":"publish","type":"page","link":"https:\/\/quebriac.fr\/webcommune\/?page_id=27","title":{"rendered":"L&rsquo;\u00e9cole"},"content":{"rendered":"<p><img loading=\"lazy\" decoding=\"async\" class=\"size-full wp-image-1981 alignleft\" src=\"https:\/\/quebriac.fr\/webcommune\/wp-content\/uploads\/2017\/05\/ecoledelalibertee.jpg\" alt=\"\" width=\"400\" height=\"73\" \/><\/p>\n<p>&nbsp;<\/p>\n<p>&nbsp;<\/p>\n<p>&nbsp;<\/p>\n<p style=\"text-align: justify;\"><span style=\"text-decoration: underline; color: #008000;\"><strong class=\"spip\">\u00c9cole Publique<\/strong><\/span><\/p>\n<ul style=\"text-align: justify;\">\n<li class=\"spip\">28 rue de la Libert\u00e9<\/li>\n<li class=\"spip\">T\u00e9l. Primaire &amp; Direction : 02.99.68.16.57<\/li>\n<li class=\"spip\">T\u00e9l. Maternelle &amp; Garderie : 02.99.68.05.65<\/li>\n<\/ul>\n<p class=\"spip\" style=\"text-align: justify;\">Dans des b\u00e2timents enti\u00e8rement r\u00e9nov\u00e9s ou neufs, l\u2019\u00e9cole accueille environ 138 \u00e9l\u00e8ves r\u00e9partis dans 6 classes. L\u2019\u00e9quipe enseignante dispose \u00e9galement d\u2019une salle de sieste et d\u2019une salle de gymnastique. Un ascenseur (aux derni\u00e8res normes) permet l\u2019accueil des enfants handicap\u00e9s. Une garderie municipale, accueille les enfants \u00e0 partir de 7 heures 30 le matin et jusqu\u2019\u00e0 19h 00 le soir, et un restaurant scolaire avec cuisine sur site se trouvent \u00e0 c\u00f4t\u00e9 de l\u2019\u00e9tablissement.<\/p>\n<p class=\"spip\" style=\"text-align: justify;\">L\u2019\u00e9cole dispose d\u2019un \u00e9quipement informatique avec liaison Internet par classe, d\u2019une t\u00e9l\u00e9vision, d\u2019un magn\u00e9toscope, d\u2019un scanner, d\u2019un appareil photo num\u00e9rique et d\u2019un r\u00e9tro-projecteur.<\/p>\n<p class=\"spip\" style=\"text-align: justify;\">Dans le cadre du projet d\u2019\u00e9cole, les enfants participent \u00e0 des classes d\u00e9couvertes, des rencontres sportives et culturelles (sortie v\u00e9lo et s\u00e9curit\u00e9 routi\u00e8re, th\u00e9\u00e2tre, cin\u00e9ma, animations Eaux et rivi\u00e8res.) Les CM ont des relations avec le coll\u00e8ge du secteur de Tint\u00e9niac. Un journal d\u2019\u00e9cole est \u00e9dit\u00e9 chaque trimestre. Les enfants participent \u00e0 un atelier musique, anim\u00e9 par un intervenant du S.I.M (Syndicat Intercommunal de Musique).<\/p>\n<p class=\"spip\" style=\"text-align: justify;\">Toutes les sorties effectu\u00e9es sur le temps scolaire sont gratuites, beaucoup d\u2019autres projets sont \u00e9galement financ\u00e9s par l\u2019Amicale des Parents d\u2019El\u00e8ves gr\u00e2ce \u00e0 la r\u00e9colte de fonds lors des diverses manifestations tout au long de l\u2019ann\u00e9e.<\/p>\n<p class=\"spip\" style=\"text-align: justify;\">L\u2019\u00e9cole b\u00e9n\u00e9ficie \u00e9galement de l\u2019intervention du r\u00e9seau d\u2019aide de Combourg.<\/p>\n<p class=\"spip\" style=\"text-align: justify;\">Pour tous renseignements, \u00e0 l\u2019\u00e9cole ou \u00e0 la mairie.<\/p>\n<p><strong>Horaires de l&rsquo;\u00e9cole<\/strong> : 8h45 &#8211; 12h15 \/ 14h00 &#8211; 16h30<\/p>\n<p><img loading=\"lazy\" decoding=\"async\" class=\"wp-image-3476 alignleft\" src=\"https:\/\/quebriac.fr\/webcommune\/wp-content\/uploads\/2015\/11\/TPS-PS.jpg\" alt=\"\" width=\"514\" height=\"157\" \/><\/p>\n<p>&nbsp;<\/p>\n<p>&nbsp;<\/p>\n<p>&nbsp;<\/p>\n<p><em>Classe TPS-PS<\/em><\/p>\n<p><img loading=\"lazy\" decoding=\"async\" class=\"wp-image-3484 alignleft\" src=\"https:\/\/quebriac.fr\/webcommune\/wp-content\/uploads\/2015\/11\/salle-de-motricite.jpg\" alt=\"\" width=\"517\" height=\"122\" \/><\/p>\n<p>&nbsp;<\/p>\n<p>&nbsp;<\/p>\n<p>&nbsp;<\/p>\n<p><em>Salle de motricit\u00e9<\/em><\/p>\n<p>\u2234\u2234\u2234\u2234\u2234\u2234\u2234\u2234\u2234\u2234\u2234\u2234\u2234\u2234\u2234\u2234\u2234\u2234\u2234\u2234\u2234\u2234\u2234\u2234\u2234\u2234\u2234\u2234\u2234\u2234\u2234\u2234\u2234\u2234\u2234\u2234\u2234\u2234\u2234\u2234\u2234\u2234\u2234\u2234\u2234\u2234\u2234\u2234<\/p>\n<p><strong>Inscription Scolaire :\u00a0<\/strong><strong><a href=\"https:\/\/quebriac.fr\/webcommune\/wp-content\/uploads\/2025\/01\/Fiche-inscription-scolaire-2025-2026.pdf\" target=\"_blank\" rel=\"noopener\">Fiche-inscription-scolaire-2025-2026<\/a><\/strong><\/p>\n<p><a href=\"https:\/\/quebriac.fr\/webcommune\/wp-content\/uploads\/2026\/03\/INSCRIPTION-SCOLAIRE-2026-2027.pdf\" target=\"_blank\" rel=\"noopener\">Fiche-inscription-scolaire- 2026-2027<\/a><\/p>\n<p>Joindre la copie du livret de famille, copie carnet de vaccination, justificatif de domicile et certificat de radiation (si l&rsquo;enfant \u00e9tait inscrit dans une autre \u00e9cole pr\u00e9c\u00e9demment)<\/p>\n<p>\u2234\u2234\u2234\u2234\u2234\u2234\u2234\u2234\u2234\u2234\u2234\u2234\u2234\u2234\u2234\u2234\u2234\u2234\u2234\u2234\u2234\u2234\u2234\u2234\u2234\u2234\u2234\u2234\u2234\u2234\u2234\u2234\u2234\u2234\u2234\u2234\u2234\u2234\u2234\u2234\u2234\u2234\u2234\u2234\u2234\u2234\u2234\u2234<\/p>\n<p>&nbsp;<\/p>\n<p><strong>Ann\u00e9e 2017-2018<\/strong><\/p>\n<p><a href=\"https:\/\/quebriac.fr\/webcommune\/wp-content\/uploads\/2015\/11\/conseil-decole-19-10-2017.pdf\" target=\"_blank\" rel=\"noopener noreferrer\">Conseil d&rsquo; \u00c9cole 19 octobre 2017<\/a><\/p>\n<p class=\"spip\" style=\"text-align: justify;\"><a href=\"https:\/\/quebriac.fr\/webcommune\/wp-content\/uploads\/2015\/11\/proces-verbal-CE-extraordinaire.pdf\" target=\"_blank\" rel=\"noopener noreferrer\">Conseil d\u2019\u00c9cole extraordinaire du 11 janvier 2018<\/a><\/p>\n<p><a href=\"https:\/\/quebriac.fr\/webcommune\/wp-content\/uploads\/2015\/11\/Annexe_Emploi-du-temps-propose-par-la-commune.pdf\" target=\"_blank\" rel=\"noopener noreferrer\">Emploi du temps propos\u00e9 par la commune<\/a><\/p>\n<p><a href=\"https:\/\/quebriac.fr\/webcommune\/wp-content\/uploads\/2015\/11\/Conseil-ecole-2.pdf\" target=\"_blank\" rel=\"noopener noreferrer\">Conseil d&rsquo;\u00c9cole 24 avril 2018<\/a><\/p>\n<p><a href=\"https:\/\/quebriac.fr\/webcommune\/wp-content\/uploads\/2015\/11\/CE-21-06-2018.pdf\" target=\"_blank\" rel=\"noopener noreferrer\">Conseil d&rsquo;\u00c9cole 21 juin 2018<\/a><\/p>\n<p><strong>&#8212;&#8212;&#8212;&#8212;&#8212;&#8212;&#8212;&#8212;&#8212;&#8212;&#8212;&#8212;&#8212;&#8212;&#8211;<\/strong><\/p>\n<hr \/>\n<p><strong>Ann\u00e9e 2018-2019<\/strong><\/p>\n<p><a href=\"https:\/\/quebriac.fr\/webcommune\/wp-content\/uploads\/2015\/11\/conseil-ecole-08-11-2018.pdf\" target=\"_blank\" rel=\"noopener noreferrer\">Conseil d &lsquo;\u00c9cole &#8211; 8 novembre 2018<\/a><\/p>\n<p><a href=\"https:\/\/quebriac.fr\/webcommune\/wp-content\/uploads\/2015\/11\/Reglement-int\u00e9rieur-de-lecole-2018.pdf\" target=\"_blank\" rel=\"noopener noreferrer\">R\u00e8glement int\u00e9rieur 2018<\/a><\/p>\n<p><strong>&#8212;&#8212;&#8212;&#8212;&#8212;&#8212;&#8212;&#8212;&#8212;&#8212;&#8212;&#8212;&#8212;&#8212;&#8212;&#8212;&#8212;&#8212;<\/strong><\/p>\n<p><strong>Ann\u00e9e 2019-2020<\/strong><\/p>\n<p><a href=\"https:\/\/quebriac.fr\/webcommune\/wp-content\/uploads\/2022\/09\/Conseil_ecole_20.06.2019.pdf\" target=\"_blank\" rel=\"noopener noreferrer\">Conseil d&rsquo;\u00c9cole &#8211; 20 juin 2019<\/a><\/p>\n<p><a href=\"https:\/\/quebriac.fr\/webcommune\/wp-content\/uploads\/2015\/11\/proces-verbal-conseil-ecole-1-corrige.pdf\" target=\"_blank\" rel=\"noopener noreferrer\">Conseil d&rsquo;\u00c9cole &#8211; 5 novembre 2019<\/a><\/p>\n<p><a href=\"https:\/\/quebriac.fr\/webcommune\/wp-content\/uploads\/2022\/09\/Conseil_ecole_10.03.2020.pdf\" target=\"_blank\" rel=\"noopener noreferrer\">Conseil d&rsquo;\u00c9cole &#8211; 10 mars 2020<\/a><\/p>\n<p><a href=\"https:\/\/quebriac.fr\/webcommune\/wp-content\/uploads\/2015\/11\/Reglement-interieur-de-lecole-corrige-en-2019.pdf\" target=\"_blank\" rel=\"noopener noreferrer\">R\u00e8glement int\u00e9rieur 2019<\/a><\/p>\n<p><strong>&#8212;&#8212;&#8212;&#8212;&#8212;&#8212;&#8212;&#8212;&#8212;&#8212;&#8212;&#8212;&#8212;&#8212;&#8212;&#8212;&#8212;&#8212;<\/strong><\/p>\n<p><strong>Ann\u00e9e 2020-2021<\/strong><\/p>\n<p><a href=\"https:\/\/quebriac.fr\/webcommune\/wp-content\/uploads\/2022\/09\/Conseil_ecole_03.11.2020.pdf\" target=\"_blank\" rel=\"noopener noreferrer\">Conseil d&rsquo;\u00c9cole &#8211; 3 novembre 2020<\/a><\/p>\n<p><a href=\"https:\/\/quebriac.fr\/webcommune\/wp-content\/uploads\/2022\/09\/Conseil_ecole_22.06.2021.pdf\" target=\"_blank\" rel=\"noopener noreferrer\">Conseil d&rsquo;\u00c9cole &#8211; 22 juin 2021<\/a><\/p>\n<p><a href=\"https:\/\/quebriac.fr\/webcommune\/wp-content\/uploads\/2022\/09\/Reglement_interieur.pdf\" target=\"_blank\" rel=\"noopener noreferrer\">R\u00e8glement int\u00e9rieur 2020<\/a><\/p>\n<p><strong>&#8212;&#8212;&#8212;&#8212;&#8212;&#8212;&#8212;&#8212;&#8212;&#8212;&#8212;&#8212;&#8212;&#8212;&#8212;&#8212;&#8212;&#8212;<\/strong><\/p>\n<p><strong>Ann\u00e9e 2021-2022<\/strong><\/p>\n<p><a href=\"https:\/\/quebriac.fr\/webcommune\/wp-content\/uploads\/2022\/09\/Conseil_ecole_19.10.2021.pdf\" target=\"_blank\" rel=\"noopener noreferrer\">Conseil d&rsquo;\u00c9cole &#8211; 19 octobre 2021<\/a><\/p>\n<p><a href=\"https:\/\/quebriac.fr\/webcommune\/wp-content\/uploads\/2022\/09\/Conseil_ecole_15.03.2022.pdf\" target=\"_blank\" rel=\"noopener noreferrer\">Conseil d&rsquo;\u00c9cole &#8211; 15 mars 2022<\/a><\/p>\n<p>&nbsp;<\/p>\n<p>&nbsp;<\/p>\n<hr \/>\n<p>&nbsp;<\/p>\n<p>&nbsp;<\/p>\n<hr \/>\n<p>&nbsp;<\/p>\n<p>&nbsp;<\/p>\n<p>&nbsp;<\/p>\n<p>&nbsp;<\/p>\n<p>&nbsp;<\/p>\n","protected":false},"excerpt":{"rendered":"<p>&nbsp; &nbsp; &nbsp; \u00c9cole Publique 28 rue de la Libert\u00e9 T\u00e9l. Primaire &amp; Direction : 02.99.68.16.57 T\u00e9l. Maternelle &amp; Garderie : 02.99.68.05.65 Dans des b\u00e2timents enti\u00e8rement r\u00e9nov\u00e9s ou neufs, l\u2019\u00e9cole\u2026<\/p>\n<p class=\"continue-reading-button\"> <a class=\"continue-reading-link\" href=\"https:\/\/quebriac.fr\/webcommune\/?page_id=27\">La suite&#8230;<i class=\"crycon-right-dir\"><\/i><\/a><\/p>\n","protected":false},"author":1,"featured_media":0,"parent":0,"menu_order":0,"comment_status":"closed","ping_status":"closed","template":"","meta":{"footnotes":""},"class_list":["post-27","page","type-page","status-publish","hentry"],"_links":{"self":[{"href":"https:\/\/quebriac.fr\/webcommune\/index.php?rest_route=\/wp\/v2\/pages\/27"}],"collection":[{"href":"https:\/\/quebriac.fr\/webcommune\/index.php?rest_route=\/wp\/v2\/pages"}],"about":[{"href":"https:\/\/quebriac.fr\/webcommune\/index.php?rest_route=\/wp\/v2\/types\/page"}],"author":[{"embeddable":true,"href":"https:\/\/quebriac.fr\/webcommune\/index.php?rest_route=\/wp\/v2\/users\/1"}],"replies":[{"embeddable":true,"href":"https:\/\/quebriac.fr\/webcommune\/index.php?rest_route=%2Fwp%2Fv2%2Fcomments&post=27"}],"version-history":[{"count":50,"href":"https:\/\/quebriac.fr\/webcommune\/index.php?rest_route=\/wp\/v2\/pages\/27\/revisions"}],"predecessor-version":[{"id":13039,"href":"https:\/\/quebriac.fr\/webcommune\/index.php?rest_route=\/wp\/v2\/pages\/27\/revisions\/13039"}],"wp:attachment":[{"href":"https:\/\/quebriac.fr\/webcommune\/index.php?rest_route=%2Fwp%2Fv2%2Fmedia&parent=27"}],"curies":[{"name":"wp","href":"https:\/\/api.w.org\/{rel}","templated":true}]}}

L&rsquo;école

<p><img loading="lazy" decoding="async" class="size-full wp-image-1981 alignleft" src="https://quebriac.fr/webcommune/wp-content/uploads/2017/05/ecoledelalibertee.jpg" alt="" width="400" height="73" /></p>
<p>&nbsp;</p>
<p>&nbsp;</p>
<p>&nbsp;</p>
<p style="text-align: justify;"><span style="text-decoration: underline; color: #008000;"><strong class="spip">École Publique</strong></span></p>
<ul style="text-align: justify;">
<li class="spip">28 rue de la Liberté</li>
<li class="spip">Tél. Primaire &amp; Direction : 02.99.68.16.57</li>
<li class="spip">Tél. Maternelle &amp; Garderie : 02.99.68.05.65</li>
</ul>
<p class="spip" style="text-align: justify;">Dans des bâtiments entièrement rénovés ou neufs, l’école accueille environ 138 élèves répartis dans 6 classes. L’équipe enseignante dispose également d’une salle de sieste et d’une salle de gymnastique. Un ascenseur (aux dernières normes) permet l’accueil des enfants handicapés. Une garderie municipale, accueille les enfants à partir de 7 heures 30 le matin et jusqu’à 19h 00 le soir, et un restaurant scolaire avec cuisine sur site se trouvent à côté de l’établissement.</p>
<p class="spip" style="text-align: justify;">L’école dispose d’un équipement informatique avec liaison Internet par classe, d’une télévision, d’un magnétoscope, d’un scanner, d’un appareil photo numérique et d’un rétro-projecteur.</p>
<p class="spip" style="text-align: justify;">Dans le cadre du projet d’école, les enfants participent à des classes découvertes, des rencontres sportives et culturelles (sortie vélo et sécurité routière, théâtre, cinéma, animations Eaux et rivières.) Les CM ont des relations avec le collège du secteur de Tinténiac. Un journal d’école est édité chaque trimestre. Les enfants participent à un atelier musique, animé par un intervenant du S.I.M (Syndicat Intercommunal de Musique).</p>
<p class="spip" style="text-align: justify;">Toutes les sorties effectuées sur le temps scolaire sont gratuites, beaucoup d’autres projets sont également financés par l’Amicale des Parents d’Elèves grâce à la récolte de fonds lors des diverses manifestations tout au long de l’année.</p>
<p class="spip" style="text-align: justify;">L’école bénéficie également de l’intervention du réseau d’aide de Combourg.</p>
<p class="spip" style="text-align: justify;">Pour tous renseignements, à l’école ou à la mairie.</p>
<p><strong>Horaires de l&rsquo;école</strong> : 8h45 &#8211; 12h15 / 14h00 &#8211; 16h30</p>
<p><img loading="lazy" decoding="async" class="wp-image-3476 alignleft" src="https://quebriac.fr/webcommune/wp-content/uploads/2015/11/TPS-PS.jpg" alt="" width="514" height="157" /></p>
<p>&nbsp;</p>
<p>&nbsp;</p>
<p>&nbsp;</p>
<p><em>Classe TPS-PS</em></p>
<p><img loading="lazy" decoding="async" class="wp-image-3484 alignleft" src="https://quebriac.fr/webcommune/wp-content/uploads/2015/11/salle-de-motricite.jpg" alt="" width="517" height="122" /></p>
<p>&nbsp;</p>
<p>&nbsp;</p>
<p>&nbsp;</p>
<p><em>Salle de motricité</em></p>
<p>∴∴∴∴∴∴∴∴∴∴∴∴∴∴∴∴∴∴∴∴∴∴∴∴∴∴∴∴∴∴∴∴∴∴∴∴∴∴∴∴∴∴∴∴∴∴∴∴</p>
<p><strong>Inscription Scolaire : </strong><strong><a href="https://quebriac.fr/webcommune/wp-content/uploads/2025/01/Fiche-inscription-scolaire-2025-2026.pdf" target="_blank" rel="noopener">Fiche-inscription-scolaire-2025-2026</a></strong></p>
<p><a href="https://quebriac.fr/webcommune/wp-content/uploads/2026/03/INSCRIPTION-SCOLAIRE-2026-2027.pdf" target="_blank" rel="noopener">Fiche-inscription-scolaire- 2026-2027</a></p>
<p>Joindre la copie du livret de famille, copie carnet de vaccination, justificatif de domicile et certificat de radiation (si l&rsquo;enfant était inscrit dans une autre école précédemment)</p>
<p>∴∴∴∴∴∴∴∴∴∴∴∴∴∴∴∴∴∴∴∴∴∴∴∴∴∴∴∴∴∴∴∴∴∴∴∴∴∴∴∴∴∴∴∴∴∴∴∴</p>
<p>&nbsp;</p>
<p><strong>Année 2017-2018</strong></p>
<p><a href="https://quebriac.fr/webcommune/wp-content/uploads/2015/11/conseil-decole-19-10-2017.pdf" target="_blank" rel="noopener noreferrer">Conseil d&rsquo; École 19 octobre 2017</a></p>
<p class="spip" style="text-align: justify;"><a href="https://quebriac.fr/webcommune/wp-content/uploads/2015/11/proces-verbal-CE-extraordinaire.pdf" target="_blank" rel="noopener noreferrer">Conseil d’École extraordinaire du 11 janvier 2018</a></p>
<p><a href="https://quebriac.fr/webcommune/wp-content/uploads/2015/11/Annexe_Emploi-du-temps-propose-par-la-commune.pdf" target="_blank" rel="noopener noreferrer">Emploi du temps proposé par la commune</a></p>
<p><a href="https://quebriac.fr/webcommune/wp-content/uploads/2015/11/Conseil-ecole-2.pdf" target="_blank" rel="noopener noreferrer">Conseil d&rsquo;École 24 avril 2018</a></p>
<p><a href="https://quebriac.fr/webcommune/wp-content/uploads/2015/11/CE-21-06-2018.pdf" target="_blank" rel="noopener noreferrer">Conseil d&rsquo;École 21 juin 2018</a></p>
<p><strong>&#8212;&#8212;&#8212;&#8212;&#8212;&#8212;&#8212;&#8212;&#8212;&#8212;&#8212;&#8212;&#8212;&#8212;&#8211;</strong></p>
<hr />
<p><strong>Année 2018-2019</strong></p>
<p><a href="https://quebriac.fr/webcommune/wp-content/uploads/2015/11/conseil-ecole-08-11-2018.pdf" target="_blank" rel="noopener noreferrer">Conseil d &lsquo;École &#8211; 8 novembre 2018</a></p>
<p><a href="https://quebriac.fr/webcommune/wp-content/uploads/2015/11/Reglement-intérieur-de-lecole-2018.pdf" target="_blank" rel="noopener noreferrer">Règlement intérieur 2018</a></p>
<p><strong>&#8212;&#8212;&#8212;&#8212;&#8212;&#8212;&#8212;&#8212;&#8212;&#8212;&#8212;&#8212;&#8212;&#8212;&#8212;&#8212;&#8212;&#8212;</strong></p>
<p><strong>Année 2019-2020</strong></p>
<p><a href="https://quebriac.fr/webcommune/wp-content/uploads/2022/09/Conseil_ecole_20.06.2019.pdf" target="_blank" rel="noopener noreferrer">Conseil d&rsquo;École &#8211; 20 juin 2019</a></p>
<p><a href="https://quebriac.fr/webcommune/wp-content/uploads/2015/11/proces-verbal-conseil-ecole-1-corrige.pdf" target="_blank" rel="noopener noreferrer">Conseil d&rsquo;École &#8211; 5 novembre 2019</a></p>
<p><a href="https://quebriac.fr/webcommune/wp-content/uploads/2022/09/Conseil_ecole_10.03.2020.pdf" target="_blank" rel="noopener noreferrer">Conseil d&rsquo;École &#8211; 10 mars 2020</a></p>
<p><a href="https://quebriac.fr/webcommune/wp-content/uploads/2015/11/Reglement-interieur-de-lecole-corrige-en-2019.pdf" target="_blank" rel="noopener noreferrer">Règlement intérieur 2019</a></p>
<p><strong>&#8212;&#8212;&#8212;&#8212;&#8212;&#8212;&#8212;&#8212;&#8212;&#8212;&#8212;&#8212;&#8212;&#8212;&#8212;&#8212;&#8212;&#8212;</strong></p>
<p><strong>Année 2020-2021</strong></p>
<p><a href="https://quebriac.fr/webcommune/wp-content/uploads/2022/09/Conseil_ecole_03.11.2020.pdf" target="_blank" rel="noopener noreferrer">Conseil d&rsquo;École &#8211; 3 novembre 2020</a></p>
<p><a href="https://quebriac.fr/webcommune/wp-content/uploads/2022/09/Conseil_ecole_22.06.2021.pdf" target="_blank" rel="noopener noreferrer">Conseil d&rsquo;École &#8211; 22 juin 2021</a></p>
<p><a href="https://quebriac.fr/webcommune/wp-content/uploads/2022/09/Reglement_interieur.pdf" target="_blank" rel="noopener noreferrer">Règlement intérieur 2020</a></p>
<p><strong>&#8212;&#8212;&#8212;&#8212;&#8212;&#8212;&#8212;&#8212;&#8212;&#8212;&#8212;&#8212;&#8212;&#8212;&#8212;&#8212;&#8212;&#8212;</strong></p>
<p><strong>Année 2021-2022</strong></p>
<p><a href="https://quebriac.fr/webcommune/wp-content/uploads/2022/09/Conseil_ecole_19.10.2021.pdf" target="_blank" rel="noopener noreferrer">Conseil d&rsquo;École &#8211; 19 octobre 2021</a></p>
<p><a href="https://quebriac.fr/webcommune/wp-content/uploads/2022/09/Conseil_ecole_15.03.2022.pdf" target="_blank" rel="noopener noreferrer">Conseil d&rsquo;École &#8211; 15 mars 2022</a></p>
<p>&nbsp;</p>
<p>&nbsp;</p>
<hr />
<p>&nbsp;</p>
<p>&nbsp;</p>
<hr />
<p>&nbsp;</p>
<p>&nbsp;</p>
<p>&nbsp;</p>
<p>&nbsp;</p>
<p>&nbsp;</p>

<p>&nbsp; &nbsp; &nbsp; École Publique 28 rue de la Liberté Tél. Primaire &amp; Direction : 02.99.68.16.57 Tél. Maternelle &amp; Garderie : 02.99.68.05.65 Dans des bâtiments entièrement rénovés ou neufs, l’école…</p>
<p class="continue-reading-button"> <a class="continue-reading-link" href="https://quebriac.fr/webcommune/?page_id=27">La suite&#8230;<i class="crycon-right-dir"></i></a></p>
