{"id":5425,"date":"2020-11-03T18:28:13","date_gmt":"2020-11-03T16:28:13","guid":{"rendered":"https:\/\/quebriac.fr\/webcommune\/?page_id=5425"},"modified":"2023-07-03T13:41:40","modified_gmt":"2023-07-03T11:41:40","slug":"action-sociale","status":"publish","type":"page","link":"https:\/\/quebriac.fr\/webcommune\/?page_id=5425","title":{"rendered":"Action Sociale"},"content":{"rendered":"<p>La commune de Qu\u00e9briac, par le biais du Centre Communal d\u2019Action Sociale (CCAS) a un r\u00f4le important \u00e0 jouer en ce qui concerne l\u2019action sociale sur son territoire. Si une partie de celle-ci est d\u00e9finie de fa\u00e7on r\u00e9glementaire, le CCAS d\u00e9veloppe des activit\u00e9s et des missions facultatives qui constituent la politique sociale de la commune.<\/p>\n<p>Ses actions visent \u00e9galement \u00e0 faire \u00e9merger des projets en resserrant le lien social, l\u2019inter g\u00e9n\u00e9ration, et en agissant collectivement pour faire avancer le \u00ab Vivre ensemble \u00bb.<\/p>\n<ol>\n<li><em>Pr\u00e9sentation du CCAS <\/em><\/li>\n<\/ol>\n<p>Le CCAS est un organe diff\u00e9rent de la Mairie. C\u2019est une personne morale de droit public. Il s\u2019articule autour d\u2019un budget qui est aliment\u00e9 en grande partie par une subvention communale. Il constitue l\u2019un des instruments majeurs de la politique sociale de la commune.<\/p>\n<p>Dans ce cadre, il dispose d\u2019un conseil d\u2019administration, pr\u00e9sid\u00e9 par le Maire, compos\u00e9 de 5 Membres \u00e9lus par le Conseil Municipal et 5 Membres, d\u00e9sign\u00e9s par le Maire et qualifi\u00e9es dans le domaine social.<\/p>\n<p>Le CCAS est habilit\u00e9 \u00e0 prendre certaines d\u00e9lib\u00e9rations qui sont tenues sur un registre sp\u00e9cial, il vote l\u2019ensemble des documents budg\u00e9taires, d\u00e9cide des actions \u00e0 mener, \u00e9met son avis sur les demandes d\u2019aide sociale et est charge de pourvoir \u00e0 l\u2019ex\u00e9cution des d\u00e9lib\u00e9rations.<\/p>\n<p><strong>COMPOSITION DU CONSEIL D\u2019ADMINISTRATION<\/strong><\/p>\n<p>Marie-Madeleine Gamblin, Maire, Pr\u00e9sidente du CCAS<\/p>\n<p>Eric Hamon, Adjoint aux Affaires Sociales, Vice-Pr\u00e9sident du CCAS<\/p>\n<p>Chantal Juhel, Conseill\u00e8re Municipale,<\/p>\n<p>Aude Bauguil, Conseill\u00e8re Municipale,<\/p>\n<p>Marie-Christine Labb\u00e9, Conseill\u00e8re Municipale,<\/p>\n<p>Jean-Louis Demogue, Conseiller Municipal,<\/p>\n<p>Claudine Lebourgeois, repr\u00e9sentant la commission communale action sociale.<\/p>\n<p>Jean Guillemer, repr\u00e9sentant le club des retrait\u00e9s<\/p>\n<p>B\u00e9atrice Chateaugiron, repr\u00e9sentant l\u2019ADMR<\/p>\n<p>Nicole Mallet, repr\u00e9sentant la MSA<\/p>\n<p>Marie-Jos\u00e9 Hilliard, repr\u00e9sentant la commission communale action sociale.<\/p>\n<p>&nbsp;<\/p>\n<ol>\n<li><em>Infos pratiques<\/em><\/li>\n<\/ol>\n<p>Le si\u00e8ge du CCAS est situ\u00e9 \u00e0 la Mairie de Qu\u00e9briac.<\/p>\n<p>Pour toute information compl\u00e9mentaire, vous pouvez vous adresser au secr\u00e9tariat de la Mairie (Contact : 02 99 68 02 42) ou bien contactez l\u2019adjoint aux Affaires Sociales, Monsieur Eric Hamon. Mail : <a href=\"mailto:mairie.accueil@quebriac.fr\">mairie.accueil@quebriac.fr<\/a>.<\/p>\n<ol>\n<li><em>Actions du CCAS <\/em><\/li>\n<\/ol>\n<ul>\n<li><em>Un r\u00e8glement int\u00e9rieur<\/em><\/li>\n<\/ul>\n<p>Le 28 Novembre 2015, le Conseil d\u2019Administration met en place le r\u00e8glement int\u00e9rieur du CCAS. Il organise son fonctionnement interne.<\/p>\n<p>Quatre commissions sont cr\u00e9\u00e9es :<\/p>\n<ul>\n<li>Commission permanente (charg\u00e9e de g\u00e9rer les affaires courantes et urgentes, notamment l\u2019attribution des prestations facultatives)<\/li>\n<li>Commission d\u2019attribution ou de maintien des logements de l\u2019Habitat Adapt\u00e9<\/li>\n<li>Commission Habitat Adapt\u00e9 (comit\u00e9 de pilotage)<\/li>\n<li>Commission Projet ou Actions Sociales<\/li>\n<\/ul>\n<p><strong>\u21d2 <\/strong><a href=\"https:\/\/quebriac.fr\/webcommune\/wp-content\/uploads\/2022\/02\/reglement_interieur_ccas.pdf\" target=\"_blank\" rel=\"noopener noreferrer\"><strong><u>R\u00e8glement-int\u00e9rieur 2020 &#8211; 2026<\/u><\/strong><\/a><\/p>\n<ul>\n<li><em>Des actions de pr\u00e9vention<\/em><\/li>\n<\/ul>\n<p>Des actions de pr\u00e9vention sont organis\u00e9es par le CCAS pour les personnes \u00e0 partir de 60 ans, gr\u00e2ce au soutien logistique d\u2019associations de pr\u00e9vention et d\u2019\u00e9ducation \u00e0 la sant\u00e9 ou de l\u2019Ageclic, et au soutien financier de CAP Retraite Bretagne ou la conf\u00e9rence des financeurs. Des ateliers aux diff\u00e9rentes th\u00e9matiques : M\u00e9moire, Bien vieillir, nutrition, \u00e9quilibre \u2026<\/p>\n<ul>\n<li><em>Plan canicule et Grand Froid<\/em><\/li>\n<\/ul>\n<p>En p\u00e9riode de canicule, de grand froid, ou lors de catastrophes naturelles, les communes ont l\u2019obligation d\u2019aider les personnes les plus vuln\u00e9rables. Le CCAS de Qu\u00e9briac souhaite tenir un registre des personnes vuln\u00e9rables afin de savoir aupr\u00e8s de qui intervenir. Si vous vous sentez isol\u00e9s, ou en situation de fragilit\u00e9, n\u2019h\u00e9sitez pas \u00e0 vous inscrire ou faire inscrire une personne de votre connaissance en vous adressant directement au secr\u00e9tariat de la Mairie.<\/p>\n<ul>\n<li><em>L\u2019analyse des besoins sociaux (A.B.S)<\/em><\/li>\n<\/ul>\n<p>Afin de bien prendre en compte l\u2019\u00e9volution de la commune, la municipalit\u00e9 de Qu\u00e9briac a r\u00e9alis\u00e9, en 2018, une enqu\u00eate sur les besoins et les attentes de ses habitants : \u00ab Le Bien Vivre Ensemble \u00bb.<\/p>\n<p>Sur la base de l\u2019analyse des donn\u00e9es recueillies, un portrait social de la commune a pu, ainsi, \u00eatre bross\u00e9. Bien que b\u00e2ti sur deux enjeux prioritaires, les nouveaux habitants et l\u2019isolement social, l\u2019enqu\u00eate a permis \u00e9galement d\u2019aborder diff\u00e9rentes th\u00e9matiques transversales comme la solidarit\u00e9, l\u2019entraide, l\u2019environnement, la mobilit\u00e9, les habitudes de vie, la vie locale, etc\u2026des donn\u00e9es clefs concernant les besoins identifi\u00e9s des Qu\u00e9briacois, les tendances qui se dessinent \u2026 des enseignements riches et utiles \u00e0 la r\u00e9flexion collective du Qu\u00e9briac de demain.<\/p>\n<p>Les r\u00e9sultats sont t\u00e9l\u00e9chargeables ci-dessous :<\/p>\n<p><a href=\"https:\/\/quebriac.fr\/webcommune\/wp-content\/uploads\/2018\/10\/Panneaux-Restitution.pdf\" target=\"_blank\" rel=\"noopener noreferrer\">Panneaux Restitution<\/a><\/p>\n<p><a href=\"https:\/\/quebriac.fr\/webcommune\/wp-content\/uploads\/2018\/10\/Rapport-Final.pdf\" target=\"_blank\" rel=\"noopener noreferrer\">Rapport Final<\/a><\/p>\n","protected":false},"excerpt":{"rendered":"<p>La commune de Qu\u00e9briac, par le biais du Centre Communal d\u2019Action Sociale (CCAS) a un r\u00f4le important \u00e0 jouer en ce qui concerne l\u2019action sociale sur son territoire. Si une\u2026<\/p>\n<p class=\"continue-reading-button\"> <a class=\"continue-reading-link\" href=\"https:\/\/quebriac.fr\/webcommune\/?page_id=5425\">La suite&#8230;<i class=\"crycon-right-dir\"><\/i><\/a><\/p>\n","protected":false},"author":1,"featured_media":0,"parent":0,"menu_order":0,"comment_status":"closed","ping_status":"closed","template":"","meta":{"footnotes":""},"class_list":["post-5425","page","type-page","status-publish","hentry"],"_links":{"self":[{"href":"https:\/\/quebriac.fr\/webcommune\/index.php?rest_route=\/wp\/v2\/pages\/5425"}],"collection":[{"href":"https:\/\/quebriac.fr\/webcommune\/index.php?rest_route=\/wp\/v2\/pages"}],"about":[{"href":"https:\/\/quebriac.fr\/webcommune\/index.php?rest_route=\/wp\/v2\/types\/page"}],"author":[{"embeddable":true,"href":"https:\/\/quebriac.fr\/webcommune\/index.php?rest_route=\/wp\/v2\/users\/1"}],"replies":[{"embeddable":true,"href":"https:\/\/quebriac.fr\/webcommune\/index.php?rest_route=%2Fwp%2Fv2%2Fcomments&post=5425"}],"version-history":[{"count":11,"href":"https:\/\/quebriac.fr\/webcommune\/index.php?rest_route=\/wp\/v2\/pages\/5425\/revisions"}],"predecessor-version":[{"id":9729,"href":"https:\/\/quebriac.fr\/webcommune\/index.php?rest_route=\/wp\/v2\/pages\/5425\/revisions\/9729"}],"wp:attachment":[{"href":"https:\/\/quebriac.fr\/webcommune\/index.php?rest_route=%2Fwp%2Fv2%2Fmedia&parent=5425"}],"curies":[{"name":"wp","href":"https:\/\/api.w.org\/{rel}","templated":true}]}}