{"id":5449,"date":"2020-11-14T18:26:09","date_gmt":"2020-11-14T16:26:09","guid":{"rendered":"https:\/\/quebriac.fr\/webcommune\/?page_id=5449"},"modified":"2023-05-08T17:31:58","modified_gmt":"2023-05-08T15:31:58","slug":"halte-garderie-trampoline","status":"publish","type":"page","link":"https:\/\/quebriac.fr\/webcommune\/?page_id=5449","title":{"rendered":"Cr\u00e8che \u2013 TRAMPOLINE"},"content":{"rendered":"<p class=\"ox-cfe5845f5d-MsoNormal\">La structure petite enfance est un service g\u00e9r\u00e9 par l\u2019association ADMR de TINTENIAC financ\u00e9 par la Caisse d\u2019Allocations Familiales, la MSA, le Conseil D\u00e9partemental et le SIVU anim6. \u00ab <b>TRAMPOLINE<\/b>\u00a0\u00bb est un lieu d\u2019\u00e9veil et de sociabilisation pour les enfants de 2 mois 1\/2 \u00e0 6 ans. Une \u00e9quipe de professionnels encadre les enfants : \u00e9ducatrice de jeunes enfants, une auxiliaire de pu\u00e9riculture et des assistant.es petite enfance. La cr\u00e8che est ouverte 5 jours par semaine et peut accueillir 18 enfants. Les locaux adapt\u00e9s ont \u00e9t\u00e9 enti\u00e8rement r\u00e9habilit\u00e9s en 2020 avec le soutien de la mairie de Qu\u00e9briac.<\/p>\n<p class=\"ox-cfe5845f5d-MsoNormal\">Les enfants sont accueillis\u00a0en occasionnel ou en r\u00e9gulier. Labellis\u00e9e AVIP par la CAF (accueil \u00e0 vocation sociale et professionnelle), la cr\u00e8che dispose d\u2019une place r\u00e9serv\u00e9e pour les parents en d\u00e9marche d\u2019insertion professionnelle.<\/p>\n<p><strong>Accueil : <\/strong>Du lundi au vendredi \u00a0de 7h30 \u00e0 18h30<\/p>\n<p><strong>Contact<\/strong><\/p>\n<ul>\n<li>CR\u00c8CHE TRAMPOLINE<\/li>\n<li>30 rue de la libert\u00e9<\/li>\n<li>35190 QU\u00c9BRIAC<\/li>\n<li>T\u00e9l. : 02 99 23 08 92<\/li>\n<\/ul>\n<p><img loading=\"lazy\" decoding=\"async\" class=\"size-full wp-image-9445 alignleft\" src=\"https:\/\/quebriac.fr\/webcommune\/wp-content\/uploads\/2023\/05\/image001-1.jpg\" alt=\"\" width=\"379\" height=\"273\" srcset=\"https:\/\/quebriac.fr\/webcommune\/wp-content\/uploads\/2023\/05\/image001-1.jpg 379w, https:\/\/quebriac.fr\/webcommune\/wp-content\/uploads\/2023\/05\/image001-1-300x216.jpg 300w, https:\/\/quebriac.fr\/webcommune\/wp-content\/uploads\/2023\/05\/image001-1-150x108.jpg 150w\" sizes=\"(max-width: 379px) 100vw, 379px\" \/><\/p>\n","protected":false},"excerpt":{"rendered":"<p>La structure petite enfance est un service g\u00e9r\u00e9 par l\u2019association ADMR de TINTENIAC financ\u00e9 par la Caisse d\u2019Allocations Familiales, la MSA, le Conseil D\u00e9partemental et le SIVU anim6. \u00ab TRAMPOLINE\u00a0\u00bb\u2026<\/p>\n<p class=\"continue-reading-button\"> <a class=\"continue-reading-link\" href=\"https:\/\/quebriac.fr\/webcommune\/?page_id=5449\">La suite&#8230;<i class=\"crycon-right-dir\"><\/i><\/a><\/p>\n","protected":false},"author":1,"featured_media":0,"parent":0,"menu_order":0,"comment_status":"closed","ping_status":"closed","template":"","meta":{"footnotes":""},"class_list":["post-5449","page","type-page","status-publish","hentry"],"_links":{"self":[{"href":"https:\/\/quebriac.fr\/webcommune\/index.php?rest_route=\/wp\/v2\/pages\/5449"}],"collection":[{"href":"https:\/\/quebriac.fr\/webcommune\/index.php?rest_route=\/wp\/v2\/pages"}],"about":[{"href":"https:\/\/quebriac.fr\/webcommune\/index.php?rest_route=\/wp\/v2\/types\/page"}],"author":[{"embeddable":true,"href":"https:\/\/quebriac.fr\/webcommune\/index.php?rest_route=\/wp\/v2\/users\/1"}],"replies":[{"embeddable":true,"href":"https:\/\/quebriac.fr\/webcommune\/index.php?rest_route=%2Fwp%2Fv2%2Fcomments&post=5449"}],"version-history":[{"count":9,"href":"https:\/\/quebriac.fr\/webcommune\/index.php?rest_route=\/wp\/v2\/pages\/5449\/revisions"}],"predecessor-version":[{"id":9446,"href":"https:\/\/quebriac.fr\/webcommune\/index.php?rest_route=\/wp\/v2\/pages\/5449\/revisions\/9446"}],"wp:attachment":[{"href":"https:\/\/quebriac.fr\/webcommune\/index.php?rest_route=%2Fwp%2Fv2%2Fmedia&parent=5449"}],"curies":[{"name":"wp","href":"https:\/\/api.w.org\/{rel}","templated":true}]}}