{"id":5452,"date":"2020-11-14T18:30:16","date_gmt":"2020-11-14T16:30:16","guid":{"rendered":"https:\/\/quebriac.fr\/webcommune\/?page_id=5452"},"modified":"2020-11-14T18:35:48","modified_gmt":"2020-11-14T16:35:48","slug":"multi-accueil-baby-bulle","status":"publish","type":"page","link":"https:\/\/quebriac.fr\/webcommune\/?page_id=5452","title":{"rendered":"Multi-accueil Baby Bulle"},"content":{"rendered":"<p>Baby Bulle, la cr\u00e8che qui s\u2019adapte aux besoins des familles<\/p>\n<p>La cr\u00e8che Baby Bulle, situ\u00e9e zone de la Morandais \u00e0 Tint\u00e9niac, peut accueillir 30 enfants en m\u00eame temps, \u00e2g\u00e9s de 10 semaines jusqu\u2019\u00e0 leur scolarisation. Cet accueil est possible gr\u00e2ce \u00e0 l\u2019\u00e9quipe de 10 professionnelles toutes dipl\u00f4m\u00e9es, et exp\u00e9riment\u00e9es. R\u00e9cemment agrandie, la structure offre de grands espaces lumineux, ainsi qu\u2019une cour s\u00e9curis\u00e9e. Concernant la tarification, la cr\u00e8che est agr\u00e9\u00e9e par la CAF d\u2019Ille et Vilaine, cela signifie que les tarifs propos\u00e9s aux famillestiennent compte des bar\u00e8mes \u00e9tablis par la CAF elle-m\u00eame. Ils d\u00e9pendent de la composition et des revenus de la famille.De plus, ils comprennent la fourniture du lait, repas, couches et activit\u00e9s.<br \/>\nLa cr\u00e8che est ouverte du lundi au vendredi de 6h45 \u00e0 19h15, avec la possibilit\u00e9 d\u2019accueillir les enfants en horaires atypiques en fonction des besoins des familles.<\/p>\n<p>Pour acc\u00e9der \u00e0 la cr\u00e8che, les familles doivent \u00eatre adress\u00e9es par le SIVU Anim&rsquo;6 ou par un adh\u00e9rent, c\u2019est-\u00e0-dire leur employeur, peu importe la taille de l\u2019entreprise. Si vous souhaitez faire une demande de place, remplissez une fiche de pr\u00e9-inscription, t\u00e9l\u00e9chargeable en ligne sur www.multibabybulle.fr, et renvoyez-la comme indiqu\u00e9.<\/p>\n<p><img loading=\"lazy\" decoding=\"async\" class=\" wp-image-5121 alignleft\" src=\"https:\/\/quebriac.fr\/webcommune\/wp-content\/uploads\/2020\/11\/Creche-3-_-75.jpg\" alt=\"\" width=\"326\" height=\"217\" \/><\/p>\n<p><img loading=\"lazy\" decoding=\"async\" class=\"wp-image-5122 alignleft\" src=\"https:\/\/quebriac.fr\/webcommune\/wp-content\/uploads\/2020\/11\/Creche-3-_-68.jpg\" alt=\"\" width=\"327\" height=\"218\" \/><\/p>\n<p>&nbsp;<\/p>\n<p>&nbsp;<\/p>\n<p>&nbsp;<\/p>\n<p>&nbsp;<\/p>\n<p>&nbsp;<\/p>\n<p>&nbsp;<\/p>\n<p>Multi-accueil Baby Bulle<br \/>\nZ.A. La Morandais -35190 Tint\u00e9niac<br \/>\n0 806 700 200 (appel gratuit)<br \/>\ncontact@multibabybulle.fr\u2013 <a href=\"http:\/\/multibabybulle.fr\/\" target=\"_blank\" rel=\"noopener noreferrer\">www.multibabybulle.fr<\/a><\/p>\n","protected":false},"excerpt":{"rendered":"<p>Baby Bulle, la cr\u00e8che qui s\u2019adapte aux besoins des familles La cr\u00e8che Baby Bulle, situ\u00e9e zone de la Morandais \u00e0 Tint\u00e9niac, peut accueillir 30 enfants en m\u00eame temps, \u00e2g\u00e9s de\u2026<\/p>\n<p class=\"continue-reading-button\"> <a class=\"continue-reading-link\" href=\"https:\/\/quebriac.fr\/webcommune\/?page_id=5452\">La suite&#8230;<i class=\"crycon-right-dir\"><\/i><\/a><\/p>\n","protected":false},"author":1,"featured_media":0,"parent":0,"menu_order":0,"comment_status":"closed","ping_status":"closed","template":"","meta":{"footnotes":""},"class_list":["post-5452","page","type-page","status-publish","hentry"],"_links":{"self":[{"href":"https:\/\/quebriac.fr\/webcommune\/index.php?rest_route=\/wp\/v2\/pages\/5452"}],"collection":[{"href":"https:\/\/quebriac.fr\/webcommune\/index.php?rest_route=\/wp\/v2\/pages"}],"about":[{"href":"https:\/\/quebriac.fr\/webcommune\/index.php?rest_route=\/wp\/v2\/types\/page"}],"author":[{"embeddable":true,"href":"https:\/\/quebriac.fr\/webcommune\/index.php?rest_route=\/wp\/v2\/users\/1"}],"replies":[{"embeddable":true,"href":"https:\/\/quebriac.fr\/webcommune\/index.php?rest_route=%2Fwp%2Fv2%2Fcomments&post=5452"}],"version-history":[{"count":2,"href":"https:\/\/quebriac.fr\/webcommune\/index.php?rest_route=\/wp\/v2\/pages\/5452\/revisions"}],"predecessor-version":[{"id":5456,"href":"https:\/\/quebriac.fr\/webcommune\/index.php?rest_route=\/wp\/v2\/pages\/5452\/revisions\/5456"}],"wp:attachment":[{"href":"https:\/\/quebriac.fr\/webcommune\/index.php?rest_route=%2Fwp%2Fv2%2Fmedia&parent=5452"}],"curies":[{"name":"wp","href":"https:\/\/api.w.org\/{rel}","templated":true}]}}

<p>Baby Bulle, la crèche qui s’adapte aux besoins des familles</p>
<p>La crèche Baby Bulle, située zone de la Morandais à Tinténiac, peut accueillir 30 enfants en même temps, âgés de 10 semaines jusqu’à leur scolarisation. Cet accueil est possible grâce à l’équipe de 10 professionnelles toutes diplômées, et expérimentées. Récemment agrandie, la structure offre de grands espaces lumineux, ainsi qu’une cour sécurisée. Concernant la tarification, la crèche est agréée par la CAF d’Ille et Vilaine, cela signifie que les tarifs proposés aux famillestiennent compte des barèmes établis par la CAF elle-même. Ils dépendent de la composition et des revenus de la famille.De plus, ils comprennent la fourniture du lait, repas, couches et activités.<br />
La crèche est ouverte du lundi au vendredi de 6h45 à 19h15, avec la possibilité d’accueillir les enfants en horaires atypiques en fonction des besoins des familles.</p>
<p>Pour accéder à la crèche, les familles doivent être adressées par le SIVU Anim&rsquo;6 ou par un adhérent, c’est-à-dire leur employeur, peu importe la taille de l’entreprise. Si vous souhaitez faire une demande de place, remplissez une fiche de pré-inscription, téléchargeable en ligne sur www.multibabybulle.fr, et renvoyez-la comme indiqué.</p>
<p><img loading="lazy" decoding="async" class=" wp-image-5121 alignleft" src="https://quebriac.fr/webcommune/wp-content/uploads/2020/11/Creche-3-_-75.jpg" alt="" width="326" height="217" /></p>
<p><img loading="lazy" decoding="async" class="wp-image-5122 alignleft" src="https://quebriac.fr/webcommune/wp-content/uploads/2020/11/Creche-3-_-68.jpg" alt="" width="327" height="218" /></p>
<p>&nbsp;</p>
<p>&nbsp;</p>
<p>&nbsp;</p>
<p>&nbsp;</p>
<p>&nbsp;</p>
<p>&nbsp;</p>
<p>Multi-accueil Baby Bulle<br />
Z.A. La Morandais -35190 Tinténiac<br />
0 806 700 200 (appel gratuit)<br />
contact@multibabybulle.fr– <a href="http://multibabybulle.fr/" target="_blank" rel="noopener noreferrer">www.multibabybulle.fr</a></p>

<p>Baby Bulle, la crèche qui s’adapte aux besoins des familles La crèche Baby Bulle, située zone de la Morandais à Tinténiac, peut accueillir 30 enfants en même temps, âgés de…</p>
<p class="continue-reading-button"> <a class="continue-reading-link" href="https://quebriac.fr/webcommune/?page_id=5452">La suite&#8230;<i class="crycon-right-dir"></i></a></p>
