{"id":5474,"date":"2020-11-14T22:36:56","date_gmt":"2020-11-14T20:36:56","guid":{"rendered":"https:\/\/quebriac.fr\/webcommune\/?page_id=5474"},"modified":"2020-11-14T22:36:56","modified_gmt":"2020-11-14T20:36:56","slug":"le-ptit-journal-de-lecole","status":"publish","type":"page","link":"https:\/\/quebriac.fr\/webcommune\/?page_id=5474","title":{"rendered":"Le Pt\u2019it Journal de l\u2019Ecole"},"content":{"rendered":"<p>Le petit journal de l&rsquo;\u00e9cole de la libert\u00e9 de Qu\u00e9briac :<\/p>\n<p><em>(page en cours de r\u00e9alisation)<\/em><\/p>\n<p><a href=\"https:\/\/quebriac.fr\/webcommune\/wp-content\/uploads\/2015\/11\/Le-petit-journal-de-lecole-format-livre-police-agrandie.pdf\" target=\"_blank\" rel=\"noopener noreferrer\">Libert\u00e9cole n\u00b02<\/a><\/p>\n<p>&nbsp;<\/p>\n","protected":false},"excerpt":{"rendered":"<p>Le petit journal de l&rsquo;\u00e9cole de la libert\u00e9 de Qu\u00e9briac : (page en cours de r\u00e9alisation) Libert\u00e9cole n\u00b02 &nbsp;<\/p>\n<p class=\"continue-reading-button\"> <a class=\"continue-reading-link\" href=\"https:\/\/quebriac.fr\/webcommune\/?page_id=5474\">La suite&#8230;<i class=\"crycon-right-dir\"><\/i><\/a><\/p>\n","protected":false},"author":1,"featured_media":0,"parent":0,"menu_order":0,"comment_status":"closed","ping_status":"closed","template":"","meta":{"footnotes":""},"class_list":["post-5474","page","type-page","status-publish","hentry"],"_links":{"self":[{"href":"https:\/\/quebriac.fr\/webcommune\/index.php?rest_route=\/wp\/v2\/pages\/5474"}],"collection":[{"href":"https:\/\/quebriac.fr\/webcommune\/index.php?rest_route=\/wp\/v2\/pages"}],"about":[{"href":"https:\/\/quebriac.fr\/webcommune\/index.php?rest_route=\/wp\/v2\/types\/page"}],"author":[{"embeddable":true,"href":"https:\/\/quebriac.fr\/webcommune\/index.php?rest_route=\/wp\/v2\/users\/1"}],"replies":[{"embeddable":true,"href":"https:\/\/quebriac.fr\/webcommune\/index.php?rest_route=%2Fwp%2Fv2%2Fcomments&post=5474"}],"version-history":[{"count":3,"href":"https:\/\/quebriac.fr\/webcommune\/index.php?rest_route=\/wp\/v2\/pages\/5474\/revisions"}],"predecessor-version":[{"id":5477,"href":"https:\/\/quebriac.fr\/webcommune\/index.php?rest_route=\/wp\/v2\/pages\/5474\/revisions\/5477"}],"wp:attachment":[{"href":"https:\/\/quebriac.fr\/webcommune\/index.php?rest_route=%2Fwp%2Fv2%2Fmedia&parent=5474"}],"curies":[{"name":"wp","href":"https:\/\/api.w.org\/{rel}","templated":true}]}}