{"id":5494,"date":"2020-11-15T18:59:42","date_gmt":"2020-11-15T16:59:42","guid":{"rendered":"https:\/\/quebriac.fr\/webcommune\/?page_id=5494"},"modified":"2026-03-19T15:04:30","modified_gmt":"2026-03-19T13:04:30","slug":"cantine-3","status":"publish","type":"page","link":"https:\/\/quebriac.fr\/webcommune\/?page_id=5494","title":{"rendered":"Cantine"},"content":{"rendered":"<p><img loading=\"lazy\" decoding=\"async\" class=\"wp-image-5496 size-full aligncenter\" src=\"https:\/\/quebriac.fr\/webcommune\/wp-content\/uploads\/2020\/11\/cantine-2.jpg\" alt=\"\" width=\"1000\" height=\"215\" srcset=\"https:\/\/quebriac.fr\/webcommune\/wp-content\/uploads\/2020\/11\/cantine-2.jpg 1000w, https:\/\/quebriac.fr\/webcommune\/wp-content\/uploads\/2020\/11\/cantine-2-300x65.jpg 300w, https:\/\/quebriac.fr\/webcommune\/wp-content\/uploads\/2020\/11\/cantine-2-768x165.jpg 768w, https:\/\/quebriac.fr\/webcommune\/wp-content\/uploads\/2020\/11\/cantine-2-150x32.jpg 150w\" sizes=\"(max-width: 1000px) 100vw, 1000px\" \/><\/p>\n<p>Les repas sont cuisin\u00e9s sur place. Proposer des produits frais et locaux, d\u00e9velopper le bio, respecter la saisonnalit\u00e9 telle est la mission de notre chef de cuisine,\u00a0 et de son \u00e9quipe.<\/p>\n<p>Tarif enfant : 3.60 \u20ac<\/p>\n<p><a href=\"https:\/\/quebriac.fr\/webcommune\/wp-content\/uploads\/2026\/03\/SKM_C25826031914570.pdf\" target=\"_blank\" rel=\"noopener\">R\u00e8glement CANTINE 2025-2026<\/a><\/p>\n<p>Pour les maternelles, repas au 1er service de 12h15 \u00e0 13h ; deuxi\u00e8me service de 13h \u00e0 13h45.<\/p>\n<p>Pour les TPS\/PS, sieste \u00e0 partir de 13h, puis classe.<\/p>\n<p>Pour les MS temps de repos de 13h \u00e0 13h45.<\/p>\n","protected":false},"excerpt":{"rendered":"<p>Les repas sont cuisin\u00e9s sur place. Proposer des produits frais et locaux, d\u00e9velopper le bio, respecter la saisonnalit\u00e9 telle est la mission de notre chef de cuisine,\u00a0 et de son\u2026<\/p>\n<p class=\"continue-reading-button\"> <a class=\"continue-reading-link\" href=\"https:\/\/quebriac.fr\/webcommune\/?page_id=5494\">La suite&#8230;<i class=\"crycon-right-dir\"><\/i><\/a><\/p>\n","protected":false},"author":1,"featured_media":0,"parent":0,"menu_order":0,"comment_status":"closed","ping_status":"closed","template":"","meta":{"footnotes":""},"class_list":["post-5494","page","type-page","status-publish","hentry"],"_links":{"self":[{"href":"https:\/\/quebriac.fr\/webcommune\/index.php?rest_route=\/wp\/v2\/pages\/5494"}],"collection":[{"href":"https:\/\/quebriac.fr\/webcommune\/index.php?rest_route=\/wp\/v2\/pages"}],"about":[{"href":"https:\/\/quebriac.fr\/webcommune\/index.php?rest_route=\/wp\/v2\/types\/page"}],"author":[{"embeddable":true,"href":"https:\/\/quebriac.fr\/webcommune\/index.php?rest_route=\/wp\/v2\/users\/1"}],"replies":[{"embeddable":true,"href":"https:\/\/quebriac.fr\/webcommune\/index.php?rest_route=%2Fwp%2Fv2%2Fcomments&post=5494"}],"version-history":[{"count":9,"href":"https:\/\/quebriac.fr\/webcommune\/index.php?rest_route=\/wp\/v2\/pages\/5494\/revisions"}],"predecessor-version":[{"id":13065,"href":"https:\/\/quebriac.fr\/webcommune\/index.php?rest_route=\/wp\/v2\/pages\/5494\/revisions\/13065"}],"wp:attachment":[{"href":"https:\/\/quebriac.fr\/webcommune\/index.php?rest_route=%2Fwp%2Fv2%2Fmedia&parent=5494"}],"curies":[{"name":"wp","href":"https:\/\/api.w.org\/{rel}","templated":true}]}}