{"id":5621,"date":"2020-12-01T17:54:13","date_gmt":"2020-12-01T15:54:13","guid":{"rendered":"https:\/\/quebriac.fr\/webcommune\/?page_id=5621"},"modified":"2026-04-01T11:24:03","modified_gmt":"2026-04-01T09:24:03","slug":"les-autres-activites","status":"publish","type":"page","link":"https:\/\/quebriac.fr\/webcommune\/?page_id=5621","title":{"rendered":"Autres Activit\u00e9s"},"content":{"rendered":"<h3><strong>H\u00e9bergements<\/strong><\/h3>\n<ul>\n<li><strong>Le Manoir de la Motte aux Rochers <\/strong>&#8211; G\u00eetes, H\u00e9bergements, Activit\u00e9s \u00e9questres 02.99.68.14.32 &#8211; 06.84.20.34.27 <a href=\"http:\/\/www.motte-aux-rochers.fr\/\" target=\"_blank\" rel=\"noopener noreferrer\"><br \/>\nhttp:\/\/www.motte-aux-rochers.fr\/<\/a><\/li>\n<li><strong>Domaine de Tr\u00e9magou\u00ebt <\/strong>&#8211; G\u00eetes, Institut de beaut\u00e9, Piscine et hammam, Studio d&rsquo;enregistrement, Salle multi-activit\u00e9s 02.99.45.89.16 &#8211; 06.95.10.23.93 <a href=\"https:\/\/www.domainedetremagouet.com\/\" target=\"_blank\" rel=\"noopener noreferrer\"><br \/>\nhttps:\/\/www.domainedetremagouet.com\/<\/a><\/li>\n<li><span style=\"color: #333333;\"><strong>G\u00eete des Iris<\/strong><\/span> &#8211; <span id=\"span_prenomProprio\" style=\"color: #333333;\">Annick et G\u00e9rard<\/span><span id=\"span_nomProprio\"><span style=\"color: #333333;\"> MARION &#8211; G\u00eete de France<br \/>\n<a href=\"https:\/\/www.gitesdefrance35.com\/location-vacances-Gite-Quebriac-Les-Iris-35G122733.html#ferme\" target=\"_blank\" rel=\"noopener noreferrer\">https:\/\/www.gitesdefrance35.com\/location-vacances-Gite-Quebriac-Les-Iris-35G122733.html#ferme<\/a><\/span><\/span><\/li>\n<li><strong>La Ferme d&rsquo;Alcide &#8211; <\/strong>La Faverie 06.83.13.85.58\u00a0 \u00a0 <a href=\"https:\/\/www.clevacances.com\/fr\/locationvacances\/bretagne\/illeetvilaine\/hautebretagne\/quebriac-14037\/gite_de_caractere_la_ferme_dalcide_pour_6_pers_pres_de_combourg_en_bretagne_romantique_ille_et_vilaine\/59927\" target=\"_blank\" rel=\"noopener\">+ d&rsquo;INFOS La ferme d&rsquo;Alcide<\/a><\/li>\n<li><strong>G\u00eete Ty Coz&rsquo;y &#8211; <\/strong>G\u00eete 6 personnes\u00a0 06.58.82.46.80<br \/>\n<a href=\"https:\/\/www.gitetycozy.fr\/fr\" target=\"_blank\" rel=\"noopener noreferrer\">https:\/\/www.gitetycozy.fr\/fr<\/a><\/li>\n<li>\n<div class=\"tqnk8fx atm_c8_3w7ag0 atm_g3_1emqlh9 atm_fr_helst atm_cs_1mexzig atm_c8_21sjza__oggzyc atm_g3_1wvsxh1__oggzyc atm_fr_1t2fc69__oggzyc atm_cs_1mexzig__oggzyc dir dir-ltr\">\n<h5 class=\"hpipapi atm_7l_1kw7nm4 atm_c8_1x4eueo atm_cs_1kw7nm4 atm_g3_1kw7nm4 atm_gi_idpfg4 atm_l8_idpfg4 atm_kd_idpfg4_pfnrn2 dir dir-ltr\" tabindex=\"-1\"><span style=\"color: #000000;\"><strong>Logement entier : h\u00e9bergement <\/strong>&#8211; Maison 5 chambres &#8211;<\/span><span style=\"color: #000000; font-size: 1.025em;\">Daniel P\u00e9rou : 06 47 04 31 23<\/span><\/h5>\n<\/div>\n<div class=\"o1sio90k atm_c8_1h3mmnw atm_g3_1vnrj90 atm_fr_b3emyl atm_h3_1y44olf atm_c8_3w7ag0__oggzyc atm_g3_1emqlh9__oggzyc atm_fr_helst__oggzyc dir dir-ltr\"><\/div>\n<\/li>\n<\/ul>\n<h3><strong>Activit\u00e9s Equestres<br \/>\n<\/strong><\/h3>\n<ul>\n<li><strong><span style=\"color: #000000;\">Elevage ar Kemenn <\/span><\/strong>&#8211; <span style=\"color: #000000;\">Elevage de poneys Connemara<\/span> &#8211; <span style=\"color: #0000ff;\"><span style=\"color: #333333;\">02.99.68.14.32 &#8211; 06.79.65.07.31<br \/>\n<a href=\"https:\/\/connemara-ar-kamenn.info\/\" target=\"_blank\" rel=\"noopener noreferrer\">https:\/\/connemara-ar-kamenn.info\/<\/a><\/span> <\/span><\/li>\n<li><strong><span style=\"color: #000000;\"><span style=\"color: #333333;\">La\u00f1z Nevez<\/span><\/span><\/strong> &#8211; <span style=\"color: #000000;\">Educateur \u00e9quin<\/span>\u00a0 <span style=\"color: #333333;\">06.72.19.01.89<\/span>\u00a0 <a href=\"http:\/\/www.lansnevez.fr\/\" target=\"_blank\" rel=\"noopener noreferrer\"><br \/>\nhttp:\/\/www.lansnevez.fr\/<\/a><\/li>\n<\/ul>\n<ul>\n<li><strong>Ballade des sens &#8211; <\/strong>Equitation relationnelle<strong> &#8211; <\/strong>Aur\u00e9lie Lefort -La Haute Vend\u00e9e\u00a0 \u00a0<strong>\u00a0 \u00a0<\/strong> 06.74.63.15.88<br \/>\n<a href=\"https:\/\/www.balladedessens.fr\/\" target=\"_blank\" rel=\"noopener noreferrer\">https:\/\/www.balladedessens.fr\/<\/a><\/li>\n<\/ul>\n<p>&nbsp;<\/p>\n<h3><strong>Professions lib\u00e9rales et m\u00e9dicales<\/strong><\/h3>\n<ul>\n<li><strong><span style=\"color: #000000;\">GHECK-MUNSTER V\u00e9ronique <\/span><\/strong>36 Rue de la Libert\u00e9 Dentiste &#8211; 02.99.69.45.79<\/li>\n<li><span style=\"color: #000000;\"><strong>LEROY, BRONNEC, HIGNARD, ROBERT<\/strong>\u00a0 <\/span>13 Rue de la Libert\u00e9<br \/>\nCabinet infirmier 07.67.92.15.20<\/li>\n<li><span style=\"color: #000000;\"><strong>Thomas LEDUC<\/strong>\u00a0 <\/span>36 rue de la Libert\u00e9 Ost\u00e9opathe D.O &#8211; 06.76.46.13.88<\/li>\n<li><strong>Clo\u00e9 LECAMUS<\/strong> &#8211; 36 Rue de la Libert\u00e9 Naturopathe R\u00e9flexologue &#8211; 06.75.46.21.92<\/li>\n<li><strong>Carole CADO<\/strong> &#8211; 20 rue de la libert\u00e9 &#8211; R\u00e9flexologue &#8211; 06.26.40.01.07<\/li>\n<li><strong>Susana BARBADO <\/strong>&#8211; 36 rue de la Libert\u00e9 &#8211; Ergoth\u00e9rapeute lib\u00e9rale &#8211; 06.51.62.21.29<strong><br \/>\n<\/strong><\/li>\n<\/ul>\n<p>&nbsp;<\/p>\n<h3><strong>Autres<\/strong><\/h3>\n<ul>\n<li><strong>Gwena\u00ebl Le Neouanic<\/strong> <strong>-Hooxy<\/strong> Agence de conseil en communication<br \/>\n<a href=\"https:\/\/www.hooxy.fr\/\" target=\"_blank\" rel=\"noopener noreferrer\">https.www.hooxy.fr<\/a><\/li>\n<\/ul>\n<ul>\n<li>\n<p class=\"noTrad no-margin\"><strong>Village Vacances F\u00e9lin &amp; Canin<\/strong> &#8211; pension pour chiens et chats <span class=\"nb-phone\"><span class=\"coord-numero noTrad\">06.63.75.43.15<br \/>\n<a href=\"https:\/\/www.villagevacancesfelinetcanin.fr\/\" target=\"_blank\" rel=\"noopener noreferrer\">https:\/\/www.villagevacancesfelinetcanin.fr\/<\/a><\/span><\/span><strong><br \/>\n<\/strong><\/p>\n<\/li>\n<li><strong>Rapha\u00ebl Millet<\/strong> Architecte 06 82 68 77 17\u00a0<a href=\"https:\/\/www.raphaelmilletarchitecte.fr\/accueil\" target=\"_blank\" rel=\"noopener noreferrer\">raphaelmilletarchitecte.fr<\/a><\/li>\n<li><strong>SM St\u00e9phanie Marchand<\/strong> &#8211; Gestion active, Assistante administrative ind\u00e9pendante.\u00a0 \u00a0 \u00a0 \u00a0 \u00a0 \u00a0 \u00a0 \u00a0 \u00a0 \u00a0 \u00a006 31 61 03 91<\/li>\n<li><strong>Le Brut de l&rsquo;Avette<\/strong> &#8211; Atelier de facture d&rsquo;anches &#8211; vente . 07 57 18 72 95<\/li>\n<li><strong>2DM &#8211; Denis Marchand<\/strong>, distribution menuiserie. 06 49 48 09 67<\/li>\n<li><strong>MLS &#8211; Madhi Lesongeur<\/strong> &#8211; Travaux divers int\u00e9rieur et ext\u00e9rieur. 07 60 18 76 69<\/li>\n<\/ul>\n<p>&nbsp;<\/p>\n<p>&nbsp;<\/p>\n<p>&nbsp;<\/p>\n<p>&nbsp;<\/p>\n<p>&nbsp;<\/p>\n<p>&nbsp;<\/p>\n<p>&nbsp;<\/p>\n","protected":false},"excerpt":{"rendered":"<p>H\u00e9bergements Le Manoir de la Motte aux Rochers &#8211; G\u00eetes, H\u00e9bergements, Activit\u00e9s \u00e9questres 02.99.68.14.32 &#8211; 06.84.20.34.27 http:\/\/www.motte-aux-rochers.fr\/ Domaine de Tr\u00e9magou\u00ebt &#8211; G\u00eetes, Institut de beaut\u00e9, Piscine et hammam, Studio d&rsquo;enregistrement,\u2026<\/p>\n<p class=\"continue-reading-button\"> <a class=\"continue-reading-link\" href=\"https:\/\/quebriac.fr\/webcommune\/?page_id=5621\">La suite&#8230;<i class=\"crycon-right-dir\"><\/i><\/a><\/p>\n","protected":false},"author":1,"featured_media":0,"parent":0,"menu_order":0,"comment_status":"closed","ping_status":"closed","template":"","meta":{"footnotes":""},"class_list":["post-5621","page","type-page","status-publish","hentry"],"_links":{"self":[{"href":"https:\/\/quebriac.fr\/webcommune\/index.php?rest_route=\/wp\/v2\/pages\/5621"}],"collection":[{"href":"https:\/\/quebriac.fr\/webcommune\/index.php?rest_route=\/wp\/v2\/pages"}],"about":[{"href":"https:\/\/quebriac.fr\/webcommune\/index.php?rest_route=\/wp\/v2\/types\/page"}],"author":[{"embeddable":true,"href":"https:\/\/quebriac.fr\/webcommune\/index.php?rest_route=\/wp\/v2\/users\/1"}],"replies":[{"embeddable":true,"href":"https:\/\/quebriac.fr\/webcommune\/index.php?rest_route=%2Fwp%2Fv2%2Fcomments&post=5621"}],"version-history":[{"count":55,"href":"https:\/\/quebriac.fr\/webcommune\/index.php?rest_route=\/wp\/v2\/pages\/5621\/revisions"}],"predecessor-version":[{"id":13134,"href":"https:\/\/quebriac.fr\/webcommune\/index.php?rest_route=\/wp\/v2\/pages\/5621\/revisions\/13134"}],"wp:attachment":[{"href":"https:\/\/quebriac.fr\/webcommune\/index.php?rest_route=%2Fwp%2Fv2%2Fmedia&parent=5621"}],"curies":[{"name":"wp","href":"https:\/\/api.w.org\/{rel}","templated":true}]}}