{"id":70,"date":"2020-10-04T15:46:38","date_gmt":"2020-10-04T13:46:38","guid":{"rendered":"https:\/\/quebriac.fr\/webcommune\/?page_id=70"},"modified":"2021-07-30T11:22:58","modified_gmt":"2021-07-30T09:22:58","slug":"vie-economique","status":"publish","type":"page","link":"https:\/\/quebriac.fr\/webcommune\/?page_id=70","title":{"rendered":"Vie \u00e9conomique"},"content":{"rendered":"<p><a href=\"https:\/\/quebriac.fr\/webcommune\/?page_id=5612\"><span class=\"current\">Agriculture<\/span><\/a><\/p>\n<p><a href=\"https:\/\/quebriac.fr\/webcommune\/?page_id=5615\"><span class=\"current\">Artisans et Commer\u00e7ants<\/span><\/a><\/p>\n<p><a href=\"https:\/\/quebriac.fr\/webcommune\/?page_id=5618\"><span class=\"current\">Entreprises \u00e0 ZA R\u00f4lin<\/span><\/a><\/p>\n<p><a href=\"https:\/\/quebriac.fr\/webcommune\/?page_id=5621\"><span class=\"current\">Les Autres Activit\u00e9s<\/span><\/a><\/p>\n","protected":false},"excerpt":{"rendered":"<p>Agriculture Artisans et Commer\u00e7ants Entreprises \u00e0 ZA R\u00f4lin Les Autres Activit\u00e9s<\/p>\n<p class=\"continue-reading-button\"> <a class=\"continue-reading-link\" href=\"https:\/\/quebriac.fr\/webcommune\/?page_id=70\">La suite&#8230;<i class=\"crycon-right-dir\"><\/i><\/a><\/p>\n","protected":false},"author":1,"featured_media":0,"parent":0,"menu_order":0,"comment_status":"closed","ping_status":"closed","template":"","meta":{"footnotes":""},"class_list":["post-70","page","type-page","status-publish","hentry"],"_links":{"self":[{"href":"https:\/\/quebriac.fr\/webcommune\/index.php?rest_route=\/wp\/v2\/pages\/70"}],"collection":[{"href":"https:\/\/quebriac.fr\/webcommune\/index.php?rest_route=\/wp\/v2\/pages"}],"about":[{"href":"https:\/\/quebriac.fr\/webcommune\/index.php?rest_route=\/wp\/v2\/types\/page"}],"author":[{"embeddable":true,"href":"https:\/\/quebriac.fr\/webcommune\/index.php?rest_route=\/wp\/v2\/users\/1"}],"replies":[{"embeddable":true,"href":"https:\/\/quebriac.fr\/webcommune\/index.php?rest_route=%2Fwp%2Fv2%2Fcomments&post=70"}],"version-history":[{"count":3,"href":"https:\/\/quebriac.fr\/webcommune\/index.php?rest_route=\/wp\/v2\/pages\/70\/revisions"}],"predecessor-version":[{"id":6725,"href":"https:\/\/quebriac.fr\/webcommune\/index.php?rest_route=\/wp\/v2\/pages\/70\/revisions\/6725"}],"wp:attachment":[{"href":"https:\/\/quebriac.fr\/webcommune\/index.php?rest_route=%2Fwp%2Fv2%2Fmedia&parent=70"}],"curies":[{"name":"wp","href":"https:\/\/api.w.org\/{rel}","templated":true}]}}